

{"id":5738,"date":"2024-04-24T12:09:08","date_gmt":"2024-04-24T10:09:08","guid":{"rendered":"\/ifen\/?page_id=5738"},"modified":"2025-11-20T09:51:06","modified_gmt":"2025-11-20T08:51:06","slug":"coordinateur-de-stage","status":"publish","type":"page","link":"\/ifen\/je-suis\/coordinateur-de-stage\/","title":{"rendered":"Coordinateur de stage"},"content":{"rendered":"\n<div class=\"wp-block-cover alignfull is-light banner-page banner-page-small hide-editor\" style=\"min-height:270px;aspect-ratio:unset;\"><img loading=\"lazy\" decoding=\"async\" width=\"1920\" height=\"250\" class=\"wp-block-cover__image-background wp-image-3797\" alt=\"\" src=\"https:\/\/ssl.education.lu\/ifen\/wp-content\/uploads\/2023\/09\/banner-small-bleu-1.svg\" data-object-fit=\"cover\"\/><span aria-hidden=\"true\" class=\"wp-block-cover__background has-black-background-color has-background-dim-0 has-background-dim\"><\/span><div class=\"wp-block-cover__inner-container is-layout-flow wp-block-cover-is-layout-flow\">\n<div class=\"wp-block-group is-layout-flow wp-block-group-is-layout-flow\">\n<h1 class=\"wp-block-heading has-text-align-center has-primary-color has-text-color\">Je suis coordinateur de stage<\/h1>\n<\/div>\n\n\n\n<svg class=\"curve curve-bottom curve-desktop\" xmlns=\"http:\/\/www.w3.org\/2000\/svg\" width=\"100%\" height=\"77.168\" viewBox=\"0 0 1600 77.168\" preserveAspectRatio=\"none\">\n              <path id=\"Trac\u00e9_454\" data-name=\"Trac\u00e9 454\" d=\"M0,0H1600V29.331S1204.669,77.168,804.669,77.168,0,29.331,0,29.331Z\" transform=\"translate(1600 77.168) rotate(180)\" fill=\"#fff\"\/>\n          <\/svg>\n  <svg class=\"curve curve-bottom curve-mobile\" xmlns=\"http:\/\/www.w3.org\/2000\/svg\" width=\"100%\" height=\"77.168\" viewBox=\"0 0 1600 77.168\">\n              <path id=\"Trac\u00e9_454\" data-name=\"Trac\u00e9 454\" d=\"M0,0H1600V29.331S1204.669,77.168,804.669,77.168,0,29.331,0,29.331Z\" transform=\"translate(1600 77.168) rotate(180)\" fill=\"#fff\"\/>\n          <\/svg>\n<\/div><\/div>\n\n\n \r\n\r\n<section  class=\"wp-block-section     alignwide    \"\r\n    >\r\n\r\n    \r\n        <div class=\"acf-innerblocks-container\">\n\n<p class=\"back\"><a href=\"\/ifen\/je-suis\/\" class=\"ek-link\">Retour<\/a><\/p>\n\n<\/div>    \r\n<\/section>\n\n \r\n\r\n<section  class=\"wp-block-section     alignwide  ancres-full ancres-step center  \"\r\n    >\r\n\r\n    \r\n        <div class=\"acf-innerblocks-container\">\n\n<div class=\"wp-block-group horizontal-scroll-wrapper hide-editor is-layout-flow wp-block-group-is-layout-flow\">\n<button class=\"left\" onclick=\"leftScroll()\" aria-label=\"Faire d\u00e9filer vers la gauche\">\n    <span class=\"sr-only\">Gauche<\/span>\n  <\/button>\n\n\n\n<button class=\"right\" onclick=\"rightScroll()\" aria-label=\"Faire d\u00e9filer vers la droite\">\n    <span class=\"sr-only\">Droite<\/span>\n  <\/button>\n\n\n\n<div class=\"wp-block-group horizontal-scroll horizontal-scroll-anchor is-layout-flow wp-block-group-is-layout-flow\">\n<div class=\"wp-block-buttons ancres is-content-justification-left is-layout-flex wp-container-core-buttons-is-layout-24a44033 wp-block-buttons-is-layout-flex\" data-aos=\"fade-up\" data-aos-once=\"true\">\n<div class=\"wp-block-button horizontal-scroll-button btn-step\"><a class=\"wp-block-button__link wp-element-button\" href=\"#section1\">Devenir coordinateur de stage<\/a><\/div>\n\n\n\n<div class=\"wp-block-button horizontal-scroll-button btn-step\"><a class=\"wp-block-button__link wp-element-button\" href=\"#section2\">\u00catre coordinateur de stage<\/a><\/div>\n\n\n\n<div class=\"wp-block-button horizontal-scroll-button btn-step\"><a class=\"wp-block-button__link wp-element-button\" href=\"#section3\">Je suis d\u00e9j\u00e0 coordinateur de stage<\/a><\/div>\n<\/div>\n<\/div>\n<\/div>\n\n<\/div>    \r\n<\/section>\n\n \r\n\r\n<section  class=\"wp-block-section     alignwide    \"\r\n    >\r\n\r\n    \r\n        <div class=\"acf-innerblocks-container\">\n\n<div class=\"wp-block-group is-layout-flow wp-block-group-is-layout-flow\">\n<div class=\"wp-block-group step-content is-layout-flow wp-block-group-is-layout-flow\">\n<div id=\"section1\" class=\"wp-block-group step-content-item is-layout-flow wp-block-group-is-layout-flow\">\n<p class=\"step-content-item-number active\">1<\/p>\n\n\n\n<h2 class=\"wp-block-heading h2small has-septenary-color has-text-color has-link-color wp-elements-e339fca315d1c2359e8369304a6481bc\">Devenir coordinateur de stage<\/h2>\n\n\n\n<div class=\"wp-block-accordion-toggle-accordion-toggle  root-eb-accordion-p740e\"><div class=\"eb-parent-wrapper eb-parent-eb-accordion-p740e \"><div class=\"eb-accordion-container eb-accordion-p740e\" data-accordion-type=\"toggle\" data-tab-icon=\"fas fa-angle-right\" data-expanded-icon=\"fas fa-angle-down\" data-transition-duration=\"500\"><div class=\"eb-accordion-inner\">\n<div class=\"wp-block-accordion-toggle-accordion-item eb-accordion-item-mu1zg eb-accordion-wrapper\" data-clickable=\"false\"><div class=\"eb-accordion-title-wrapper eb-accordion-title-wrapper-eb-accordion-p740e\" tabindex=\"0\"><span class=\"eb-accordion-icon-wrapper eb-accordion-icon-wrapper-eb-accordion-p740e\"><span class=\"fas fa-angle-right eb-accordion-icon\"><\/span><\/span><div class=\"eb-accordion-title-content-wrap title-content-eb-accordion-p740e\"><h3 class=\"eb-accordion-title\">Quelle est la proc\u00e9dure \u00e0 suivre pour devenir coordinateur de stage ?<\/h3><\/div><\/div><div class=\"eb-accordion-content-wrapper eb-accordion-content-wrapper-eb-accordion-p740e\"><div class=\"eb-accordion-content\">\n<p>La fonction de coordinateur de stage existe dans chaque \u00e9tablissement de l\u2019enseignement secondaire, de la formation d\u2019adultes, des Centres de comp\u00e9tences et des \u00e9tablissements socio-\u00e9ducatifs o\u00f9 au moins un stagiaire est affect\u00e9.<\/p>\n\n\n\n<p>Le coordinateur de stage est propos\u00e9 par le directeur d\u2019\u00e9tablissement parmi les fonctionnaires ou employ\u00e9s de l\u2019\u00e9tablissement pouvant se pr\u00e9valoir d\u2019au moins trois ann\u00e9es de service \u00e0 partir de la nomination \u00e0 la fonction ou du d\u00e9but de carri\u00e8re.<\/p>\n\n\n\n<p>Le coordinateur de stage est nomm\u00e9 par le ministre pour un mandat renouvelable de trois ans. L\u2019exercice de la mission du coordinateur de stage porte sur les agents en p\u00e9riode de stage (employ\u00e9s et fonctionnaires). Par groupe de dix fonctionnaires ou employ\u00e9s dans l\u2019\u00e9tablissement, un coordinateur de stage suppl\u00e9mentaire peut \u00eatre nomm\u00e9. Il agit sous l\u2019autorit\u00e9 du directeur de l\u2019\u00e9tablissement.<\/p>\n\n\n\n<p>Le coordinateur de stage b\u00e9n\u00e9ficie d\u2019une d\u00e9charge fix\u00e9e par la loi.<\/p>\n<\/div><\/div><\/div>\n<\/div><\/div><\/div><\/div>\n<\/div>\n\n\n\n<div id=\"section2\" class=\"wp-block-group step-content-item is-layout-flow wp-block-group-is-layout-flow\">\n<p class=\"step-content-item-number active\">2<\/p>\n\n\n\n<h2 class=\"wp-block-heading h2small has-septenary-color has-text-color has-link-color wp-elements-8336b398ad51173eab0cb689578f3889\">\u00catre coordinateur de stage<\/h2>\n\n\n\n<div class=\"wp-block-accordion-toggle-accordion-toggle  root-eb-accordion-3cojx\"><div class=\"eb-parent-wrapper eb-parent-eb-accordion-3cojx eb_animation eb___animated eb___fadeIn\"><div class=\"eb-accordion-container eb-accordion-3cojx\" data-accordion-type=\"toggle\" data-tab-icon=\"fas fa-angle-right\" data-expanded-icon=\"fas fa-angle-down\" data-transition-duration=\"400\"><div class=\"eb-accordion-inner\">\n<div class=\"wp-block-accordion-toggle-accordion-item eb-accordion-item-gv18i eb-accordion-wrapper\" data-clickable=\"false\"><div class=\"eb-accordion-title-wrapper eb-accordion-title-wrapper-eb-accordion-3cojx\" tabindex=\"0\"><span class=\"eb-accordion-icon-wrapper eb-accordion-icon-wrapper-eb-accordion-3cojx\"><span class=\"fas fa-angle-right eb-accordion-icon\"><\/span><\/span><div class=\"eb-accordion-title-content-wrap title-content-eb-accordion-3cojx\"><h3 class=\"eb-accordion-title\">Quelles sont les missions du coordinateur de stage ?<\/h3><\/div><\/div><div class=\"eb-accordion-content-wrapper eb-accordion-content-wrapper-eb-accordion-3cojx\"><div class=\"eb-accordion-content\">\n<p>Voici un aper\u00e7u des missions d\u2019un coordinateur de stage. Le d\u00e9tail peut \u00eatre consult\u00e9 dans sa <a href=\"\/ifen\/wp-content\/uploads\/2024\/07\/Fiche_fonction_Costa.pdf\">fiche de fonction<\/a> :<\/p>\n\n\n\n<ul class=\"wp-block-list\">\n<li>Le coordinateur de stage supervise, en lien avec la direction de l\u2019\u00e9tablissement et l\u2019IFEN, l\u2019organisation de la formation \u00e0 la pratique professionnelle des agents en p\u00e9riode de stage au sein d\u2019un m\u00eame \u00e9tablissement.<\/li>\n\n\n\n<li>Le coordinateur de stage organise, en concertation avec le directeur d\u2019\u00e9tablissement, l\u2019accueil des agents en p\u00e9riode de stage dans l\u2019\u00e9tablissement scolaire.<\/li>\n\n\n\n<li>Le coordinateur de stage assure la r\u00e9gulation et la comparabilit\u00e9 de l\u2019accompagnement des stagiaires au sein de l\u2019\u00e9tablissement.<\/li>\n\n\n\n<li>Le coordinateur de stage se forme dans le but de d\u00e9velopper les comp\u00e9tences requises pour l\u2019accomplissement de ses missions.<\/li>\n\n\n\n<li>Le coordinateur de stage participe \u00e0 l\u2019\u00e9valuation du dispositif du stage.<\/li>\n\n\n\n<li>Le coordinateur de stage supervise, en lien avec la direction de l\u2019\u00e9tablissement et l\u2019IFEN, l\u2019organisation de la formation \u00e0 la pratique professionnelle des stagiaires au sein d\u2019un m\u00eame \u00e9tablissement.<\/li>\n<\/ul>\n<\/div><\/div><\/div>\n\n\n\n<div class=\"wp-block-accordion-toggle-accordion-item eb-accordion-item-227rb eb-accordion-wrapper\" data-clickable=\"false\"><div class=\"eb-accordion-title-wrapper eb-accordion-title-wrapper-eb-accordion-3cojx\" tabindex=\"0\"><span class=\"eb-accordion-icon-wrapper eb-accordion-icon-wrapper-eb-accordion-3cojx\"><span class=\"fas fa-angle-right eb-accordion-icon\"><\/span><\/span><div class=\"eb-accordion-title-content-wrap title-content-eb-accordion-3cojx\"><h3 class=\"eb-accordion-title\">Quelles sont les qualit\u00e9s et les comp\u00e9tences professionnelles requises pour \u00eatre coordinateur de stage ?<\/h3><\/div><\/div><div class=\"eb-accordion-content-wrapper eb-accordion-content-wrapper-eb-accordion-3cojx\"><div class=\"eb-accordion-content\">\n<p>Le coordinateur de stage doit disposer de&nbsp;:<\/p>\n\n\n\n<ul class=\"wp-block-list\">\n<li><strong>comp\u00e9tences personnelles<\/strong> telles que l\u2019organisation, l\u2019autonomie et une \u00e9thique exemplaire,<\/li>\n\n\n\n<li><strong>comp\u00e9tences sociales<\/strong> telles que l\u2019ouverture d\u2019esprit, l\u2019\u00e9coute et la capacit\u00e9 \u00e0 travailler en \u00e9quipe,<\/li>\n\n\n\n<li><strong>comp\u00e9tences m\u00e9thodologiques<\/strong> incluant la recherche de solutions, l\u2019analyse et la gestion de la charge de travail,<\/li>\n\n\n\n<li><strong>comp\u00e9tences disciplinaires<\/strong> comprenant la connaissance des cadres institutionnels et des mod\u00e8les de communication,<\/li>\n\n\n\n<li><strong>comp\u00e9tences sp\u00e9cifiques<\/strong> \u00e0 la fonction telles que la capacit\u00e9 \u00e0 \u00e9tablir une relation de confiance, \u00e0 recourir \u00e0 diff\u00e9rentes techniques de communication et \u00e0 analyser les situations professionnelles.<\/li>\n<\/ul>\n\n\n\n<p>Des <strong>comp\u00e9tences en lien avec la fonction \u00e0 d\u00e9velopper <\/strong>comprennent la p\u00e9dagogie pour adultes, l\u2019accompagnement, la pratique r\u00e9flexive et la communication dans le cadre de l\u2019accompagnement professionnel. Des connaissances approfondies du dispositif de formation \u00e0 la pratique professionnelle sont requises.<\/p>\n<\/div><\/div><\/div>\n\n\n\n<div class=\"wp-block-accordion-toggle-accordion-item eb-accordion-item-p8icr eb-accordion-wrapper\" data-clickable=\"false\"><div class=\"eb-accordion-title-wrapper eb-accordion-title-wrapper-eb-accordion-3cojx\" tabindex=\"0\"><span class=\"eb-accordion-icon-wrapper eb-accordion-icon-wrapper-eb-accordion-3cojx\"><span class=\"fas fa-angle-right eb-accordion-icon\"><\/span><\/span><div class=\"eb-accordion-title-content-wrap title-content-eb-accordion-3cojx\"><h3 class=\"eb-accordion-title\">Comment d\u00e9velopper et approfondir ses comp\u00e9tences professionnelles en tant que coordinateur de stage ?<\/h3><\/div><\/div><div class=\"eb-accordion-content-wrapper eb-accordion-content-wrapper-eb-accordion-3cojx\"><div class=\"eb-accordion-content\">\n<p>Le coordinateur de stage est invit\u00e9 \u00e0 participer \u00e0 des rencontres d\u2019analyse et d\u2019\u00e9change de pratique et \u00e0 suivre des activit\u00e9s de formation continue dans le but de d\u00e9velopper et approfondir ses comp\u00e9tences.<\/p>\n\n\n\n<div aria-hidden=\"true\" class=\"wp-block-fsb-flexible-spacer fsb-flexible-spacer\"><div class=\"fsb-flexible-spacer__device fsb-flexible-spacer__device--lg\" style=\"height:15px\"><\/div><div class=\"fsb-flexible-spacer__device fsb-flexible-spacer__device--md\" style=\"height:15px\"><\/div><div class=\"fsb-flexible-spacer__device fsb-flexible-spacer__device--sm\" style=\"height:15px\"><\/div><\/div>\n\n\n\n<div class=\"wp-block-buttons is-content-justification-left is-layout-flex wp-container-core-buttons-is-layout-fc4fd283 wp-block-buttons-is-layout-flex\">\n<div class=\"wp-block-button btn-picto\"><a class=\"wp-block-button__link wp-element-button\" href=\"\/ifen\/catalog\/search\/\" target=\"_blank\" rel=\"noreferrer noopener\">Consultez notre offre<\/a><\/div>\n<\/div>\n<\/div><\/div><\/div>\n\n\n\n<div class=\"wp-block-accordion-toggle-accordion-item eb-accordion-item-8ue53 eb-accordion-wrapper\" data-clickable=\"false\"><div class=\"eb-accordion-title-wrapper eb-accordion-title-wrapper-eb-accordion-3cojx\" tabindex=\"0\"><span class=\"eb-accordion-icon-wrapper eb-accordion-icon-wrapper-eb-accordion-3cojx\"><span class=\"fas fa-angle-right eb-accordion-icon\"><\/span><\/span><div class=\"eb-accordion-title-content-wrap title-content-eb-accordion-3cojx\"><h3 class=\"eb-accordion-title\">En savoir plus ?<\/h3><\/div><\/div><div class=\"eb-accordion-content-wrapper eb-accordion-content-wrapper-eb-accordion-3cojx\"><div class=\"eb-accordion-content\">\n<p>Vous pouvez acc\u00e9der \u00e0 un espace num\u00e9rique sp\u00e9cialement d\u00e9di\u00e9 aux coordinateurs de stage par le biais de la division concern\u00e9e.<\/p>\n<\/div><\/div><\/div>\n<\/div><\/div><\/div><\/div>\n<\/div>\n\n\n\n<div id=\"section3\" class=\"wp-block-group step-content-item is-layout-flow wp-block-group-is-layout-flow\">\n<p class=\"step-content-item-number active\">3<\/p>\n\n\n\n<h2 class=\"wp-block-heading h2small has-septenary-color has-text-color has-link-color wp-elements-21e103d3e862375024815a6e9b295751\">Je suis d\u00e9j\u00e0 coordinateur de stage<\/h2>\n\n\n\n<div class=\"wp-block-accordion-toggle-accordion-toggle  root-eb-accordion-nex6x\"><div class=\"eb-parent-wrapper eb-parent-eb-accordion-nex6x \"><div class=\"eb-accordion-container eb-accordion-nex6x\" data-accordion-type=\"toggle\" data-tab-icon=\"fas fa-angle-right\" data-expanded-icon=\"fas fa-angle-down\" data-transition-duration=\"500\"><div class=\"eb-accordion-inner\">\n<div class=\"wp-block-accordion-toggle-accordion-item eb-accordion-item-aeqnr eb-accordion-wrapper\" data-clickable=\"false\"><div class=\"eb-accordion-title-wrapper eb-accordion-title-wrapper-eb-accordion-nex6x\" tabindex=\"0\"><span class=\"eb-accordion-icon-wrapper eb-accordion-icon-wrapper-eb-accordion-nex6x\"><span class=\"fas fa-angle-right eb-accordion-icon\"><\/span><\/span><div class=\"eb-accordion-title-content-wrap title-content-eb-accordion-nex6x\"><h3 class=\"eb-accordion-title\">Aupr\u00e8s de qui puis-je m\u2019adresser si j\u2019ai une question ou si j\u2019ai besoin d\u2019\u00e9changer au sujet de ma mission ?<\/h3><\/div><\/div><div class=\"eb-accordion-content-wrapper eb-accordion-content-wrapper-eb-accordion-nex6x\"><div class=\"eb-accordion-content\">\n<p>Aupr\u00e8s de <a href=\"mailto:stage-es@ifen.lu\">stage-es@ifen.lu<\/a><\/p>\n\n\n\n<ul class=\"wp-block-list\">\n<li>pour m\u2019accompagner dans l\u2019exercice de mes missions<\/li>\n\n\n\n<li>pour conna\u00eetre les stagiaires que j\u2019accompagne<\/li>\n\n\n\n<li>pour des questions d\u2019ordre organisationnel<\/li>\n\n\n\n<li>pour m\u2019assister dans l\u2019utilisation des plateformes num\u00e9riques p\u00e9dagogiques<\/li>\n\n\n\n<li>pour m\u2019assister sur place\/en ligne en cas de probl\u00e8me technique<\/li>\n\n\n\n<li>pour me former<\/li>\n\n\n\n<li>pour \u00e9changer avec d\u2019autres conseillers didactiques<\/li>\n\n\n\n<li>pour int\u00e9grer un r\u00e9seau de pairs<\/li>\n\n\n\n<li>etc.<\/li>\n<\/ul>\n<\/div><\/div><\/div>\n<\/div><\/div><\/div><\/div>\n<\/div>\n<\/div>\n<\/div>\n\n<\/div>    \r\n<\/section>\n\n\n<div aria-hidden=\"true\" class=\"wp-block-fsb-flexible-spacer fsb-flexible-spacer\"><div class=\"fsb-flexible-spacer__device fsb-flexible-spacer__device--lg\" style=\"height:100px\"><\/div><div class=\"fsb-flexible-spacer__device fsb-flexible-spacer__device--md\" style=\"height:100px\"><\/div><div class=\"fsb-flexible-spacer__device fsb-flexible-spacer__device--sm\" style=\"height:100px\"><\/div><\/div>\n","protected":false},"excerpt":{"rendered":"","protected":false},"author":1,"featured_media":0,"parent":128,"menu_order":0,"comment_status":"closed","ping_status":"closed","template":"","meta":{"_eb_attr":"","_editorskit_title_hidden":false,"_editorskit_reading_time":0,"_editorskit_is_block_options_detached":false,"_editorskit_block_options_position":"{}","inline_featured_image":false,"footnotes":""},"class_list":["post-5738","page","type-page","status-publish","hentry","etat-valide"],"acf":{"espace_type":""},"_links":{"self":[{"href":"https:\/\/ssl.education.lu\/ifen\/wp-json\/wp\/v2\/pages\/5738","targetHints":{"allow":["GET"]}}],"collection":[{"href":"https:\/\/ssl.education.lu\/ifen\/wp-json\/wp\/v2\/pages"}],"about":[{"href":"https:\/\/ssl.education.lu\/ifen\/wp-json\/wp\/v2\/types\/page"}],"author":[{"embeddable":true,"href":"https:\/\/ssl.education.lu\/ifen\/wp-json\/wp\/v2\/users\/1"}],"replies":[{"embeddable":true,"href":"https:\/\/ssl.education.lu\/ifen\/wp-json\/wp\/v2\/comments?post=5738"}],"version-history":[{"count":27,"href":"https:\/\/ssl.education.lu\/ifen\/wp-json\/wp\/v2\/pages\/5738\/revisions"}],"predecessor-version":[{"id":15373,"href":"https:\/\/ssl.education.lu\/ifen\/wp-json\/wp\/v2\/pages\/5738\/revisions\/15373"}],"up":[{"embeddable":true,"href":"https:\/\/ssl.education.lu\/ifen\/wp-json\/wp\/v2\/pages\/128"}],"wp:attachment":[{"href":"https:\/\/ssl.education.lu\/ifen\/wp-json\/wp\/v2\/media?parent=5738"}],"curies":[{"name":"wp","href":"https:\/\/api.w.org\/{rel}","templated":true}]}}