

{"id":5735,"date":"2024-04-24T12:07:53","date_gmt":"2024-04-24T10:07:53","guid":{"rendered":"\/ifen\/?page_id=5735"},"modified":"2025-11-20T09:43:57","modified_gmt":"2025-11-20T08:43:57","slug":"conseiller-didactique","status":"publish","type":"page","link":"\/ifen\/je-suis\/conseiller-didactique\/","title":{"rendered":"Conseiller didactique"},"content":{"rendered":"\n<div class=\"wp-block-cover alignfull is-light banner-page banner-page-small hide-editor\" style=\"min-height:250px;aspect-ratio:unset;\"><img loading=\"lazy\" decoding=\"async\" width=\"1920\" height=\"250\" class=\"wp-block-cover__image-background wp-image-4392\" alt=\"\" src=\"https:\/\/ssl.education.lu\/ifen\/wp-content\/uploads\/2023\/11\/banner_small_green.svg\" data-object-fit=\"cover\"\/><span aria-hidden=\"true\" class=\"wp-block-cover__background has-black-background-color has-background-dim-0 has-background-dim\"><\/span><div class=\"wp-block-cover__inner-container is-layout-flow wp-block-cover-is-layout-flow\">\n<div class=\"wp-block-group is-layout-flow wp-block-group-is-layout-flow\">\n<h1 class=\"wp-block-heading has-text-align-center has-primary-color has-text-color\">Je suis conseiller didactique<\/h1>\n<\/div>\n\n\n\n<svg class=\"curve curve-bottom curve-desktop\" xmlns=\"http:\/\/www.w3.org\/2000\/svg\" width=\"100%\" height=\"77.168\" viewBox=\"0 0 1600 77.168\" preserveAspectRatio=\"none\">\n              <path id=\"Trac\u00e9_454\" data-name=\"Trac\u00e9 454\" d=\"M0,0H1600V29.331S1204.669,77.168,804.669,77.168,0,29.331,0,29.331Z\" transform=\"translate(1600 77.168) rotate(180)\" fill=\"#fff\"\/>\n          <\/svg>\n  <svg class=\"curve curve-bottom curve-mobile\" xmlns=\"http:\/\/www.w3.org\/2000\/svg\" width=\"100%\" height=\"77.168\" viewBox=\"0 0 1600 77.168\">\n              <path id=\"Trac\u00e9_454\" data-name=\"Trac\u00e9 454\" d=\"M0,0H1600V29.331S1204.669,77.168,804.669,77.168,0,29.331,0,29.331Z\" transform=\"translate(1600 77.168) rotate(180)\" fill=\"#fff\"\/>\n          <\/svg>\n<\/div><\/div>\n\n\n \r\n\r\n<section  class=\"wp-block-section     alignwide    \"\r\n    >\r\n\r\n    \r\n        <div class=\"acf-innerblocks-container\">\n\n<p class=\"back\"><a href=\"\/ifen\/je-suis\/\" class=\"ek-link\">Retour<\/a><\/p>\n\n<\/div>    \r\n<\/section>\n\n \r\n\r\n<section  class=\"wp-block-section     alignwide  ancres-full ancres-step center  \"\r\n    >\r\n\r\n    \r\n        <div class=\"acf-innerblocks-container\">\n\n<div class=\"wp-block-group horizontal-scroll-wrapper hide-editor is-layout-flow wp-block-group-is-layout-flow\">\n<button class=\"left\" onclick=\"leftScroll()\" aria-label=\"Faire d\u00e9filer vers la gauche\">\n    <span class=\"sr-only\">Gauche<\/span>\n  <\/button>\n\n\n\n<button class=\"right\" onclick=\"rightScroll()\" aria-label=\"Faire d\u00e9filer vers la droite\">\n    <span class=\"sr-only\">Droite<\/span>\n  <\/button>\n\n\n\n<div class=\"wp-block-group horizontal-scroll horizontal-scroll-anchor is-layout-flow wp-block-group-is-layout-flow\">\n<div class=\"wp-block-buttons ancres is-content-justification-left is-layout-flex wp-container-core-buttons-is-layout-24a44033 wp-block-buttons-is-layout-flex\" data-aos=\"fade-up\" data-aos-once=\"true\">\n<div class=\"wp-block-button horizontal-scroll-button btn-step\"><a class=\"wp-block-button__link wp-element-button\" href=\"#section1\">Devenir conseiller didactique<\/a><\/div>\n\n\n\n<div class=\"wp-block-button horizontal-scroll-button btn-step\"><a class=\"wp-block-button__link wp-element-button\" href=\"#section2\">\u00catre conseiller didactique<\/a><\/div>\n\n\n\n<div class=\"wp-block-button horizontal-scroll-button btn-step\"><a class=\"wp-block-button__link wp-element-button\" href=\"#section3\">Je suis d\u00e9j\u00e0 conseiller didactique<\/a><\/div>\n<\/div>\n<\/div>\n<\/div>\n\n<\/div>    \r\n<\/section>\n\n \r\n\r\n<section  class=\"wp-block-section     alignwide    \"\r\n    >\r\n\r\n    \r\n        <div class=\"acf-innerblocks-container\">\n\n<div class=\"wp-block-group is-layout-flow wp-block-group-is-layout-flow\">\n<div class=\"wp-block-group step-content is-layout-flow wp-block-group-is-layout-flow\">\n<div id=\"section1\" class=\"wp-block-group step-content-item is-layout-flow wp-block-group-is-layout-flow\">\n<p class=\"step-content-item-number active\">1<\/p>\n\n\n\n<h2 class=\"wp-block-heading h2small has-septenary-color has-text-color has-link-color wp-elements-ac4ffc59eb7ca366bd8b5c01df77bc6f\">Devenir conseiller didactique<\/h2>\n\n\n\n<div class=\"wp-block-accordion-toggle-accordion-toggle  root-eb-accordion-d5dk9\"><div class=\"eb-parent-wrapper eb-parent-eb-accordion-d5dk9 \"><div class=\"eb-accordion-container eb-accordion-d5dk9\" data-accordion-type=\"toggle\" data-tab-icon=\"fas fa-angle-right\" data-expanded-icon=\"fas fa-angle-down\" data-transition-duration=\"500\"><div class=\"eb-accordion-inner\">\n<div class=\"wp-block-accordion-toggle-accordion-item eb-accordion-item-y38i0 eb-accordion-wrapper\" data-clickable=\"false\"><div class=\"eb-accordion-title-wrapper eb-accordion-title-wrapper-eb-accordion-d5dk9\" tabindex=\"0\"><span class=\"eb-accordion-icon-wrapper eb-accordion-icon-wrapper-eb-accordion-d5dk9\"><span class=\"fas fa-angle-right eb-accordion-icon\"><\/span><\/span><div class=\"eb-accordion-title-content-wrap title-content-eb-accordion-d5dk9\"><h3 class=\"eb-accordion-title\">Quelles sont les modalit\u00e9s de recrutement pour devenir conseiller didactique\u00a0?<\/h3><\/div><\/div><div class=\"eb-accordion-content-wrapper eb-accordion-content-wrapper-eb-accordion-d5dk9\"><div class=\"eb-accordion-content\">\n<p>La fonction de conseiller didactique existe pour la voie de pr\u00e9paration et pour chaque discipline ou famille de disciplines dans laquelle au moins un enseignant en p\u00e9riode de stage (employ\u00e9 ou fonctionnaire) de l\u2019enseignement secondaire et de la formation des adultes est form\u00e9.<\/p>\n\n\n\n<p>Il est choisi parmi les enseignants fonctionnaires de l\u2019enseignement postprimaire. Il est nomm\u00e9 par le ministre sur proposition de l\u2019Institut de formation de l\u2019\u00c9ducation nationale (IFEN) pour un mandat renouvelable de trois ans. Par groupe de dix enseignants en p\u00e9riode de stage (employ\u00e9s ou fonctionnaires)&nbsp;de premi\u00e8re ou de deuxi\u00e8me ann\u00e9e de stage dans une sp\u00e9cialit\u00e9, un conseiller didactique suppl\u00e9mentaire peut \u00eatre nomm\u00e9. Il agit sous l\u2019autorit\u00e9 du directeur de l\u2019IFEN.<\/p>\n\n\n\n<p>Il b\u00e9n\u00e9ficie d\u2019une d\u00e9charge fix\u00e9e par la loi.<\/p>\n<\/div><\/div><\/div>\n\n\n\n<div class=\"wp-block-accordion-toggle-accordion-item eb-accordion-item-578z5 eb-accordion-wrapper\" data-clickable=\"false\"><div class=\"eb-accordion-title-wrapper eb-accordion-title-wrapper-eb-accordion-d5dk9\" tabindex=\"0\"><span class=\"eb-accordion-icon-wrapper eb-accordion-icon-wrapper-eb-accordion-d5dk9\"><span class=\"fas fa-angle-right eb-accordion-icon\"><\/span><\/span><div class=\"eb-accordion-title-content-wrap title-content-eb-accordion-d5dk9\"><h3 class=\"eb-accordion-title\">Quelle est la proc\u00e9dure \u00e0 suivre pour devenir conseiller didactique ?<\/h3><\/div><\/div><div class=\"eb-accordion-content-wrapper eb-accordion-content-wrapper-eb-accordion-d5dk9\"><div class=\"eb-accordion-content\">\n<p>S\u2019il est n\u00e9cessaire de recruter de nouveaux conseillers didactiques, un appel \u00e0 candidatures est lanc\u00e9 par l\u2019interm\u00e9diaire des directeurs d\u2019\u00e9tablissement.<\/p>\n\n\n\n<p>Envoyer son CV et une lettre de motivation \u00e0 <a href=\"mailto:stage-es@ifen.lu\">stage-es@ifen.lu<\/a> .<\/p>\n\n\n\n<p>L\u2019IFEN peut vous contacter pour un entretien en pr\u00e9sentiel ou en ligne.<\/p>\n\n\n\n<p>Si votre candidature est retenue, l\u2019IFEN vous accompagne dans les d\u00e9marches n\u00e9cessaires \u00e0 l\u2019accomplissement de vos missions. Votre arr\u00eat\u00e9 de nomination vous sera transmis ainsi qu\u2019au directeur de votre \u00e9tablissement d\u2019affectation.<\/p>\n<\/div><\/div><\/div>\n<\/div><\/div><\/div><\/div>\n<\/div>\n\n\n\n<div id=\"section2\" class=\"wp-block-group step-content-item is-layout-flow wp-block-group-is-layout-flow\">\n<p class=\"step-content-item-number active\">2<\/p>\n\n\n\n<h2 class=\"wp-block-heading h2small has-septenary-color has-text-color has-link-color wp-elements-6e66e1b247039e7983dc28f130614fb9\">\u00catre conseiller didactique<\/h2>\n\n\n\n<div class=\"wp-block-accordion-toggle-accordion-toggle  root-eb-accordion-0f58a\"><div class=\"eb-parent-wrapper eb-parent-eb-accordion-0f58a eb_animation eb___animated eb___fadeIn\"><div class=\"eb-accordion-container eb-accordion-0f58a\" data-accordion-type=\"toggle\" data-tab-icon=\"fas fa-angle-right\" data-expanded-icon=\"fas fa-angle-down\" data-transition-duration=\"400\"><div class=\"eb-accordion-inner\">\n<div class=\"wp-block-accordion-toggle-accordion-item eb-accordion-item-7ut92 eb-accordion-wrapper\" data-clickable=\"false\"><div class=\"eb-accordion-title-wrapper eb-accordion-title-wrapper-eb-accordion-0f58a\" tabindex=\"0\"><span class=\"eb-accordion-icon-wrapper eb-accordion-icon-wrapper-eb-accordion-0f58a\"><span class=\"fas fa-angle-right eb-accordion-icon\"><\/span><\/span><div class=\"eb-accordion-title-content-wrap title-content-eb-accordion-0f58a\"><h3 class=\"eb-accordion-title\">Quelles sont les missions du conseiller didactique ?<\/h3><\/div><\/div><div class=\"eb-accordion-content-wrapper eb-accordion-content-wrapper-eb-accordion-0f58a\"><div class=\"eb-accordion-content\">\n<p>Voici un aper\u00e7u des missions du conseiller didactique. Le d\u00e9tail peut \u00eatre consult\u00e9 dans sa <a href=\"\/ifen\/wp-content\/uploads\/2024\/07\/Fiche_fonction_Codi.pdf\" target=\"_blank\" rel=\"noreferrer noopener\">fiche de fonction<\/a> :<\/p>\n\n\n\n<ul class=\"wp-block-list\">\n<li>Il coordonne l\u2019organisation du module de la didactique de la ou des sp\u00e9cialit\u00e9s et il assure le lien entre le dispositif de stage, le certificat de formation p\u00e9dagogique et le d\u00e9veloppement curriculaire de la sp\u00e9cialit\u00e9.<\/li>\n\n\n\n<li>Il assure la coh\u00e9rence et la r\u00e9gulation des parcours de formation des enseignants en p\u00e9riode de stage (employ\u00e9s et fonctionnaires). Il assure le lien entre le module de la didactique de la ou des sp\u00e9cialit\u00e9s et l&rsquo;accompagnement.<\/li>\n\n\n\n<li>Il participe \u00e0 l\u2019\u00e9valuation des enseignants en p\u00e9riode de stage (employ\u00e9s et fonctionnaires)<\/li>\n\n\n\n<li>Il se forme dans le but de d\u00e9velopper les comp\u00e9tences requises pour l\u2019accomplissement de ses missions.<\/li>\n\n\n\n<li>Il participe \u00e0 l\u2019\u00e9valuation du dispositif de stage.<\/li>\n<\/ul>\n<\/div><\/div><\/div>\n\n\n\n<div class=\"wp-block-accordion-toggle-accordion-item eb-accordion-item-w2qa0 eb-accordion-wrapper\" data-clickable=\"false\"><div class=\"eb-accordion-title-wrapper eb-accordion-title-wrapper-eb-accordion-0f58a\" tabindex=\"0\"><span class=\"eb-accordion-icon-wrapper eb-accordion-icon-wrapper-eb-accordion-0f58a\"><span class=\"fas fa-angle-right eb-accordion-icon\"><\/span><\/span><div class=\"eb-accordion-title-content-wrap title-content-eb-accordion-0f58a\"><h3 class=\"eb-accordion-title\">Quelles sont les qualit\u00e9s et les comp\u00e9tences professionnelles requises pour \u00eatre conseiller didactique ?<\/h3><\/div><\/div><div class=\"eb-accordion-content-wrapper eb-accordion-content-wrapper-eb-accordion-0f58a\"><div class=\"eb-accordion-content\">\n<p>Le conseiller didactique doit \u00eatre comp\u00e9tent \u00e0 divers niveaux, ce qui signifie qu&rsquo;il doit disposer de&nbsp;:<\/p>\n\n\n\n<ul class=\"wp-block-list\">\n<li><strong>comp\u00e9tences personnelles<\/strong> telles que l&rsquo;organisation, la rigueur, l&rsquo;autonomie et une \u00e9thique exemplaire,<\/li>\n\n\n\n<li>&nbsp;<strong>comp\u00e9tences sociales<\/strong> telles que l&rsquo;ouverture d&rsquo;esprit, l&rsquo;\u00e9coute et la capacit\u00e9 \u00e0 travailler en \u00e9quipe,<\/li>\n\n\n\n<li><strong>comp\u00e9tences m\u00e9thodologiques<\/strong> incluant la recherche de solutions, l&rsquo;analyse de situations complexes, ou la gestion du travail d\u2019\u00e9quipe,<\/li>\n\n\n\n<li><strong>comp\u00e9tences disciplinaires<\/strong> comprenant la connaissance des cadres institutionnels et des th\u00e9ories didactiques et p\u00e9dagogiques,<\/li>\n\n\n\n<li><strong>comp\u00e9tences sp\u00e9cifiques \u00e0 la fonction<\/strong> telles que la capacit\u00e9 \u00e0 \u00e9tablir un climat de confiance, \u00e0 diff\u00e9rencier ses approches, \u00e0 analyser les situations professionnelles et \u00e0 fournir un feedback constructif.<\/li>\n<\/ul>\n\n\n\n<p>Des <strong>comp\u00e9tences en lien avec la fonction \u00e0 d\u00e9velopper<\/strong> comprennent la p\u00e9dagogie pour adultes, les principes cl\u00e9s de l\u2019accompagnement, la pratique r\u00e9flexive et la communication dans le cadre d\u2019un accompagnement professionnel. Une bonne connaissance du dispositif de stage est requise.<\/p>\n<\/div><\/div><\/div>\n\n\n\n<div class=\"wp-block-accordion-toggle-accordion-item eb-accordion-item-kywab eb-accordion-wrapper\" data-clickable=\"false\"><div class=\"eb-accordion-title-wrapper eb-accordion-title-wrapper-eb-accordion-0f58a\" tabindex=\"0\"><span class=\"eb-accordion-icon-wrapper eb-accordion-icon-wrapper-eb-accordion-0f58a\"><span class=\"fas fa-angle-right eb-accordion-icon\"><\/span><\/span><div class=\"eb-accordion-title-content-wrap title-content-eb-accordion-0f58a\"><h3 class=\"eb-accordion-title\">Comment d\u00e9velopper et approfondir ses comp\u00e9tences professionnelles en tant que conseiller didactique ?<\/h3><\/div><\/div><div class=\"eb-accordion-content-wrapper eb-accordion-content-wrapper-eb-accordion-0f58a\"><div class=\"eb-accordion-content\">\n<p>Le conseiller didactique est invit\u00e9 \u00e0 participer \u00e0 des rencontres d\u2019analyse et d\u2019\u00e9change de pratique et \u00e0 suivre des activit\u00e9s de formation continue dans le but de d\u00e9velopper et approfondir ses comp\u00e9tences.<\/p>\n\n\n\n<div aria-hidden=\"true\" class=\"wp-block-fsb-flexible-spacer fsb-flexible-spacer\"><div class=\"fsb-flexible-spacer__device fsb-flexible-spacer__device--lg\" style=\"height:15px\"><\/div><div class=\"fsb-flexible-spacer__device fsb-flexible-spacer__device--md\" style=\"height:15px\"><\/div><div class=\"fsb-flexible-spacer__device fsb-flexible-spacer__device--sm\" style=\"height:15px\"><\/div><\/div>\n\n\n\n<div class=\"wp-block-buttons is-content-justification-left is-layout-flex wp-container-core-buttons-is-layout-fc4fd283 wp-block-buttons-is-layout-flex\">\n<div class=\"wp-block-button btn-picto\"><a class=\"wp-block-button__link wp-element-button\" href=\"\/ifen\/catalog\/search\/\" target=\"_blank\" rel=\"noreferrer noopener\">Consultez notre offre<\/a><\/div>\n<\/div>\n<\/div><\/div><\/div>\n\n\n\n<div class=\"wp-block-accordion-toggle-accordion-item eb-accordion-item-9iibp eb-accordion-wrapper\" data-clickable=\"false\"><div class=\"eb-accordion-title-wrapper eb-accordion-title-wrapper-eb-accordion-0f58a\" tabindex=\"0\"><span class=\"eb-accordion-icon-wrapper eb-accordion-icon-wrapper-eb-accordion-0f58a\"><span class=\"fas fa-angle-right eb-accordion-icon\"><\/span><\/span><div class=\"eb-accordion-title-content-wrap title-content-eb-accordion-0f58a\"><h3 class=\"eb-accordion-title\">En savoir plus ?<\/h3><\/div><\/div><div class=\"eb-accordion-content-wrapper eb-accordion-content-wrapper-eb-accordion-0f58a\"><div class=\"eb-accordion-content\">\n<p>Vous pouvez acc\u00e9der \u00e0 un espace num\u00e9rique sp\u00e9cialement d\u00e9di\u00e9 aux conseillers didactiques par le biais de la division concern\u00e9e.<\/p>\n\n\n\n<p>Par ailleurs, l\u2019IFEN coordonne et accompagne de mani\u00e8re cibl\u00e9e l\u2019activit\u00e9 des conseillers didactiques.<\/p>\n<\/div><\/div><\/div>\n<\/div><\/div><\/div><\/div>\n<\/div>\n\n\n\n<div id=\"section3\" class=\"wp-block-group step-content-item is-layout-flow wp-block-group-is-layout-flow\">\n<p class=\"step-content-item-number active\">3<\/p>\n\n\n\n<h2 class=\"wp-block-heading h2small has-septenary-color has-text-color has-link-color wp-elements-fc9a52c06b2b8f9588252c1b7622d438\">Je suis d\u00e9j\u00e0 conseiller didactique aupr\u00e8s de l\u2019IFEN<\/h2>\n\n\n\n<div class=\"wp-block-accordion-toggle-accordion-toggle  root-eb-accordion-gn9kr\"><div class=\"eb-parent-wrapper eb-parent-eb-accordion-gn9kr \"><div class=\"eb-accordion-container eb-accordion-gn9kr\" data-accordion-type=\"toggle\" data-tab-icon=\"fas fa-angle-right\" data-expanded-icon=\"fas fa-angle-down\" data-transition-duration=\"500\"><div class=\"eb-accordion-inner\">\n<div class=\"wp-block-accordion-toggle-accordion-item eb-accordion-item-jjalz eb-accordion-wrapper\" data-clickable=\"false\"><div class=\"eb-accordion-title-wrapper eb-accordion-title-wrapper-eb-accordion-gn9kr\" tabindex=\"0\"><span class=\"eb-accordion-icon-wrapper eb-accordion-icon-wrapper-eb-accordion-gn9kr\"><span class=\"fas fa-angle-right eb-accordion-icon\"><\/span><\/span><div class=\"eb-accordion-title-content-wrap title-content-eb-accordion-gn9kr\"><h3 class=\"eb-accordion-title\">Aupr\u00e8s de qui puis-je m\u2019adresser si j\u2019ai une question ou si j\u2019ai besoin d\u2019\u00e9changer au sujet de ma mission ?<\/h3><\/div><\/div><div class=\"eb-accordion-content-wrapper eb-accordion-content-wrapper-eb-accordion-gn9kr\"><div class=\"eb-accordion-content\">\n<p>Aupr\u00e8s de <a href=\"mailto:stage-es@ifen.lu\">stage-es@ifen.lu<\/a><\/p>\n\n\n\n<ul class=\"wp-block-list\">\n<li>pour m\u2019accompagner dans l\u2019exercice de mes missions<\/li>\n\n\n\n<li>pour conna\u00eetre les enseignants en p\u00e9riode de stage que j\u2019accompagne<\/li>\n\n\n\n<li>pour des questions d\u2019ordre organisationnel<\/li>\n\n\n\n<li>pour m\u2019assister dans l\u2019utilisation des plateformes num\u00e9riques p\u00e9dagogiques<\/li>\n\n\n\n<li>pour m\u2019assister sur place\/en ligne en cas de probl\u00e8me technique<\/li>\n\n\n\n<li>pour me former<\/li>\n\n\n\n<li>pour \u00e9changer avec d\u2019autres conseillers didactiques<\/li>\n\n\n\n<li>pour int\u00e9grer un r\u00e9seau de pairs<\/li>\n\n\n\n<li>etc.<\/li>\n<\/ul>\n<\/div><\/div><\/div>\n<\/div><\/div><\/div><\/div>\n<\/div>\n<\/div>\n<\/div>\n\n<\/div>    \r\n<\/section>\n\n\n<div aria-hidden=\"true\" class=\"wp-block-fsb-flexible-spacer fsb-flexible-spacer\"><div class=\"fsb-flexible-spacer__device fsb-flexible-spacer__device--lg\" style=\"height:100px\"><\/div><div class=\"fsb-flexible-spacer__device fsb-flexible-spacer__device--md\" style=\"height:100px\"><\/div><div class=\"fsb-flexible-spacer__device fsb-flexible-spacer__device--sm\" style=\"height:100px\"><\/div><\/div>\n","protected":false},"excerpt":{"rendered":"","protected":false},"author":1,"featured_media":0,"parent":128,"menu_order":0,"comment_status":"closed","ping_status":"closed","template":"","meta":{"_eb_attr":"","_editorskit_title_hidden":false,"_editorskit_reading_time":0,"_editorskit_is_block_options_detached":false,"_editorskit_block_options_position":"{}","inline_featured_image":false,"footnotes":""},"class_list":["post-5735","page","type-page","status-publish","hentry","etat-valide"],"acf":{"espace_type":""},"_links":{"self":[{"href":"https:\/\/ssl.education.lu\/ifen\/wp-json\/wp\/v2\/pages\/5735","targetHints":{"allow":["GET"]}}],"collection":[{"href":"https:\/\/ssl.education.lu\/ifen\/wp-json\/wp\/v2\/pages"}],"about":[{"href":"https:\/\/ssl.education.lu\/ifen\/wp-json\/wp\/v2\/types\/page"}],"author":[{"embeddable":true,"href":"https:\/\/ssl.education.lu\/ifen\/wp-json\/wp\/v2\/users\/1"}],"replies":[{"embeddable":true,"href":"https:\/\/ssl.education.lu\/ifen\/wp-json\/wp\/v2\/comments?post=5735"}],"version-history":[{"count":35,"href":"https:\/\/ssl.education.lu\/ifen\/wp-json\/wp\/v2\/pages\/5735\/revisions"}],"predecessor-version":[{"id":15371,"href":"https:\/\/ssl.education.lu\/ifen\/wp-json\/wp\/v2\/pages\/5735\/revisions\/15371"}],"up":[{"embeddable":true,"href":"https:\/\/ssl.education.lu\/ifen\/wp-json\/wp\/v2\/pages\/128"}],"wp:attachment":[{"href":"https:\/\/ssl.education.lu\/ifen\/wp-json\/wp\/v2\/media?parent=5735"}],"curies":[{"name":"wp","href":"https:\/\/api.w.org\/{rel}","templated":true}]}}