

{"id":4853,"date":"2024-01-26T08:39:08","date_gmt":"2024-01-26T07:39:08","guid":{"rendered":"\/ifen\/?page_id=4853"},"modified":"2024-06-17T14:36:49","modified_gmt":"2024-06-17T12:36:49","slug":"fonctionnarisation-des-employes-de-letat","status":"publish","type":"page","link":"\/ifen\/evolution-de-carriere\/fonctionnarisation-des-employes-de-letat\/","title":{"rendered":"Fonctionnarisation des employ\u00e9s de l\u2019\u00e9tat"},"content":{"rendered":"\n<div class=\"wp-block-cover alignfull is-light banner-page banner-page-small turquoise hide-editor\" style=\"min-height:250px;aspect-ratio:unset;\"><span aria-hidden=\"true\" class=\"wp-block-cover__background has-black-background-color has-background-dim-0 has-background-dim\"><\/span><img loading=\"lazy\" decoding=\"async\" width=\"1920\" height=\"250\" class=\"wp-block-cover__image-background wp-image-4441\" alt=\"\" src=\"\/ifen\/wp-content\/uploads\/2023\/12\/banner_contact.svg\" data-object-fit=\"cover\"\/><div class=\"wp-block-cover__inner-container is-layout-flow wp-block-cover-is-layout-flow\">\n<div class=\"wp-block-group is-layout-flow wp-block-group-is-layout-flow\">\n<h1 class=\"wp-block-heading has-text-align-center has-primary-color has-text-color\">Fonctionnarisation des employ\u00e9s de l&rsquo;\u00e9tat<\/h1>\n<\/div>\n\n\n\n<svg class=\"curve curve-bottom curve-desktop\" xmlns=\"http:\/\/www.w3.org\/2000\/svg\" width=\"100%\" height=\"77.168\" viewBox=\"0 0 1600 77.168\" preserveAspectRatio=\"none\">\n            <path id=\"Trac\u00e9_454\" data-name=\"Trac\u00e9 454\" d=\"M0,0H1600V29.331S1204.669,77.168,804.669,77.168,0,29.331,0,29.331Z\" transform=\"translate(1600 77.168) rotate(180)\" fill=\"#fff\"\/>\n        <\/svg>\n<svg class=\"curve curve-bottom curve-mobile\" xmlns=\"http:\/\/www.w3.org\/2000\/svg\" width=\"100%\" height=\"77.168\" viewBox=\"0 0 1600 77.168\">\n            <path id=\"Trac\u00e9_454\" data-name=\"Trac\u00e9 454\" d=\"M0,0H1600V29.331S1204.669,77.168,804.669,77.168,0,29.331,0,29.331Z\" transform=\"translate(1600 77.168) rotate(180)\" fill=\"#fff\"\/>\n        <\/svg>\n<\/div><\/div>\n\n\n \r\n\r\n<section  class=\"wp-block-section     alignwide    \"\r\n    >\r\n\r\n    \r\n        <div class=\"acf-innerblocks-container\">\n\n<div class=\"wp-block-group horizontal-scroll-wrapper horizontal-scroll-wrapper-sidebar hide-editor is-layout-flow wp-block-group-is-layout-flow\">\n<p class=\"back\"><a href=\"\/ifen\/evolution-de-carriere\/\" class=\"ek-link\">Retour<\/a><\/p>\n\n\n\n<div class=\"wp-block-group sidebar hide-editor sidebar-evol horizontal-scroll is-layout-flow wp-block-group-is-layout-flow\">\n<div class=\"wp-block-group sidebar-title sidebar-title-single is-layout-flow wp-block-group-is-layout-flow\">\n<h3 class=\"wp-block-heading\"><a href=\"\/ifen\/evolution-de-carriere\/fonctionnarisation-des-employes-relevant-du-sous-groupe-enseignement-fondamental\/\" class=\"ek-link\">Sous-groupe enseignement &#8211; Fondamental<\/a><\/h3>\n\n\n\n<svg xmlns=\"http:\/\/www.w3.org\/2000\/svg\" width=\"15.387\" height=\"7.414\" viewBox=\"0 0 15.387 7.414\">\n  <path id=\"Trac\u00e9_595\" data-name=\"Trac\u00e9 595\" d=\"M3759-2220.135l6.285,5.008,6.292-5.008\" transform=\"translate(-3757.595 2221.54)\" fill=\"none\" stroke=\"#ea528e\" stroke-linecap=\"round\" stroke-linejoin=\"round\" stroke-width=\"2\"\/>\n<\/svg>\n<\/div>\n\n\n\n<div class=\"wp-block-group sidebar-title sidebar-title-single is-layout-flow wp-block-group-is-layout-flow\">\n<h3 class=\"wp-block-heading\"><a href=\"\/ifen\/evolution-de-carriere\/fonctionnarisation-des-employes-relevant-du-sous-groupe-enseignement-secondaire\/\" class=\"ek-link\">Sous-groupe enseignement &#8211; Secondaire<\/a><\/h3>\n\n\n\n<svg xmlns=\"http:\/\/www.w3.org\/2000\/svg\" width=\"15.387\" height=\"7.414\" viewBox=\"0 0 15.387 7.414\">\n  <path id=\"Trac\u00e9_595\" data-name=\"Trac\u00e9 595\" d=\"M3759-2220.135l6.285,5.008,6.292-5.008\" transform=\"translate(-3757.595 2221.54)\" fill=\"none\" stroke=\"#ea528e\" stroke-linecap=\"round\" stroke-linejoin=\"round\" stroke-width=\"2\"\/>\n<\/svg>\n<\/div>\n\n\n\n<div class=\"wp-block-group sidebar-title sidebar-title-single is-layout-flow wp-block-group-is-layout-flow\">\n<h3 class=\"wp-block-heading\"><a href=\"\/ifen\/evolution-de-carriere\/fonctionnarisation-des-employes-relevant-du-sous-groupe-educatif-et-psycho-social-groupes-dindemnite-a1-et-a2\/\" class=\"ek-link\">Sous-groupe \u00e9ducatif et psycho-social &#8211; A1\/A2<\/a><\/h3>\n\n\n\n<svg xmlns=\"http:\/\/www.w3.org\/2000\/svg\" width=\"15.387\" height=\"7.414\" viewBox=\"0 0 15.387 7.414\">\n  <path id=\"Trac\u00e9_595\" data-name=\"Trac\u00e9 595\" d=\"M3759-2220.135l6.285,5.008,6.292-5.008\" transform=\"translate(-3757.595 2221.54)\" fill=\"none\" stroke=\"#ea528e\" stroke-linecap=\"round\" stroke-linejoin=\"round\" stroke-width=\"2\"\/>\n<\/svg>\n<\/div>\n\n\n\n<div class=\"wp-block-group sidebar-title sidebar-title-single is-layout-flow wp-block-group-is-layout-flow\">\n<h3 class=\"wp-block-heading\"><a href=\"\/ifen\/evolution-de-carriere\/fonctionnarisation-des-employes-relevant-du-sous-groupe-educatif-et-psycho-social-groupe-dindeminite-b1\/\" class=\"ek-link\">Sous-groupe \u00e9ducatif et psycho-social &#8211; B1<\/a><\/h3>\n\n\n\n<svg xmlns=\"http:\/\/www.w3.org\/2000\/svg\" width=\"15.387\" height=\"7.414\" viewBox=\"0 0 15.387 7.414\">\n  <path id=\"Trac\u00e9_595\" data-name=\"Trac\u00e9 595\" d=\"M3759-2220.135l6.285,5.008,6.292-5.008\" transform=\"translate(-3757.595 2221.54)\" fill=\"none\" stroke=\"#ea528e\" stroke-linecap=\"round\" stroke-linejoin=\"round\" stroke-width=\"2\"\/>\n<\/svg>\n<\/div>\n<\/div>\n\n\n\n<button class=\"left\" onclick=\"leftScroll()\"><\/button> <button class=\"right\" onclick=\"rightScroll()\"><\/button>\n<\/div>\n\n\n\n<div class=\"wp-block-group sidebar-content is-layout-flow wp-block-group-is-layout-flow\">\n<p>Vous trouverez dans cette rubrique les informations concernant les modalit\u00e9s d&rsquo;admission au statut de fonctionnaire de l&rsquo;\u00c9tat des employ\u00e9s de l&rsquo;\u00c9tat relevant des sous-groupes enseignement et \u00e9ducatif et psycho-social.<\/p>\n\n\n\n<p><strong>Les conditions et modalit\u00e9s de la fonctionnarisation sont d\u00e9termin\u00e9es par l&rsquo;article 80 de la\u00a0loi modifi\u00e9e du 16 avril 1979 fixant le statut g\u00e9n\u00e9ral des fonctionnaires de l&rsquo;Etat\u00a0:<\/strong><\/p>\n\n\n\n<p><em>\u00ab 1. L&#8217;employ\u00e9 de l&rsquo;Etat peut \u00eatre admis au statut de fonctionnaire de l&rsquo;Etat dans les conditions et suivant les modalit\u00e9s pr\u00e9vues ci-dessous. Le pr\u00e9sent paragraphe s&rsquo;applique aux employ\u00e9s de l&rsquo;Etat relevant des sous-groupes administratif, scientifique et technique, \u00e9ducatif et psycho-social ou \u00e0 attributions particuli\u00e8res.<\/em><\/p>\n\n\n\n<p><em>Avant de pouvoir changer de statut, l&#8217;employ\u00e9 doit remplir les conditions suivantes:<\/em><\/p>\n\n\n\n<p><em>a) avoir accompli au moins quinze ann\u00e9es de service, \u00e0 temps plein ou \u00e0 temps partiel, \u00e0 compter de la date d&rsquo;engagement aupr\u00e8s de l&rsquo;Etat en qualit\u00e9 d&#8217;employ\u00e9;<\/em><\/p>\n\n\n\n<p><em>b) avoir une connaissance adapt\u00e9e au niveau de carri\u00e8re des trois langues administratives;<\/em><\/p>\n\n\n\n<p><em>c) avoir r\u00e9ussi \u00e0 l&rsquo;examen de carri\u00e8re lorsqu&rsquo;un tel examen est pr\u00e9vu pour le sous-groupe d&rsquo;indemnit\u00e9 dont rel\u00e8ve l&#8217;employ\u00e9;<\/em><\/p>\n\n\n\n<p><em>d) le cas \u00e9ch\u00e9ant, avoir au moins r\u00e9alis\u00e9 le plan de travail individuel tel que d\u00e9termin\u00e9 \u00e0 l&rsquo;occasion des entretiens individuels pr\u00e9vus dans le cadre de la gestion par objectifs.<\/em><\/p>\n\n\n\n<p><em>L&#8217;employ\u00e9 qui remplit les conditions pr\u00e9cit\u00e9es est admis \u00e0 passer l&rsquo;examen de promotion ou, \u00e0 d\u00e9faut d&rsquo;un tel examen, l&rsquo;examen de fin de stage pr\u00e9vus pour le groupe de traitement dont l&#8217;employ\u00e9 veut faire partie.<\/em><\/p>\n\n\n\n<p><em>L&#8217;employ\u00e9 qui a r\u00e9ussi \u00e0 l&rsquo;examen pr\u00e9cit\u00e9 est nomm\u00e9 en qualit\u00e9 de fonctionnaire au m\u00eame niveau de groupe de traitement et aux m\u00eames grade et \u00e9chelon qu&rsquo;il avait atteints avant sa fonctionnarisation. La date de nomination d\u00e9termine l&rsquo;\u00e9ch\u00e9ance des avancements en grade et en \u00e9chelon ult\u00e9rieurs.<\/em><\/p>\n\n\n\n<p><em>Les avancements ult\u00e9rieurs dans le nouveau groupe de traitement sont subordonn\u00e9s aux conditions pr\u00e9vues par les dispositions l\u00e9gales et r\u00e9glementaires applicables aux fonctionnaires de l&rsquo;Etat.<\/em><\/p>\n\n\n\n<p><em>2. Les employ\u00e9s de l&rsquo;Etat relevant du sous-groupe de l&rsquo;enseignement peuvent \u00eatre admis au statut de fonctionnaire de l&rsquo;Etat, sur base des m\u00eames crit\u00e8res, selon les modalit\u00e9s \u00e0 d\u00e9terminer par r\u00e8glement grand-ducal tenant compte des contraintes sp\u00e9cifiques du secteur de l&rsquo;enseignement. \u00bb<\/em><\/p>\n<\/div>\n\n<\/div>    \r\n<\/section>","protected":false},"excerpt":{"rendered":"","protected":false},"author":1,"featured_media":0,"parent":4471,"menu_order":0,"comment_status":"closed","ping_status":"closed","template":"template-sidebar.php","meta":{"_eb_attr":"","_editorskit_title_hidden":false,"_editorskit_reading_time":0,"_editorskit_is_block_options_detached":false,"_editorskit_block_options_position":"{}","inline_featured_image":false,"footnotes":""},"class_list":["post-4853","page","type-page","status-publish","hentry","etat-valide"],"acf":{"espace_type":[]},"_links":{"self":[{"href":"https:\/\/ssl.education.lu\/ifen\/wp-json\/wp\/v2\/pages\/4853","targetHints":{"allow":["GET"]}}],"collection":[{"href":"https:\/\/ssl.education.lu\/ifen\/wp-json\/wp\/v2\/pages"}],"about":[{"href":"https:\/\/ssl.education.lu\/ifen\/wp-json\/wp\/v2\/types\/page"}],"author":[{"embeddable":true,"href":"https:\/\/ssl.education.lu\/ifen\/wp-json\/wp\/v2\/users\/1"}],"replies":[{"embeddable":true,"href":"https:\/\/ssl.education.lu\/ifen\/wp-json\/wp\/v2\/comments?post=4853"}],"version-history":[{"count":5,"href":"https:\/\/ssl.education.lu\/ifen\/wp-json\/wp\/v2\/pages\/4853\/revisions"}],"predecessor-version":[{"id":8852,"href":"https:\/\/ssl.education.lu\/ifen\/wp-json\/wp\/v2\/pages\/4853\/revisions\/8852"}],"up":[{"embeddable":true,"href":"https:\/\/ssl.education.lu\/ifen\/wp-json\/wp\/v2\/pages\/4471"}],"wp:attachment":[{"href":"https:\/\/ssl.education.lu\/ifen\/wp-json\/wp\/v2\/media?parent=4853"}],"curies":[{"name":"wp","href":"https:\/\/api.w.org\/{rel}","templated":true}]}}