

{"id":17370,"date":"2026-04-27T14:06:53","date_gmt":"2026-04-27T12:06:53","guid":{"rendered":"\/ifen\/?page_id=17370"},"modified":"2026-04-30T12:42:34","modified_gmt":"2026-04-30T10:42:34","slug":"phase-10-padagogische-und-raumliche-inbetrieb-nahme-und-betrieb","status":"publish","type":"page","link":"\/ifen\/schulbauprozess\/phase-10-padagogische-und-raumliche-inbetrieb-nahme-und-betrieb\/","title":{"rendered":"Phase 10 P\u00e4dagogische und r\u00e4umliche \u201cInbetrieb-nahme\u201d und Betrieb"},"content":{"rendered":"\n<div class=\"wp-block-group alignfull menu-schulbauprozess is-layout-flow wp-block-group-is-layout-flow\">\n<div class=\"wp-block-group alignwide is-layout-flow wp-block-group-is-layout-flow\">\n<div class=\"wp-block-group menu-schulbauprozess-part is-layout-flow wp-block-group-is-layout-flow\">\n<figure class=\"wp-block-image size-full\"><a href=\"https:\/\/ssl.education.lu\/ifen\/\" target=\"_blank\" rel=\" noreferrer noopener\"><img decoding=\"async\" src=\"\/ifen\/wp-content\/uploads\/2026\/04\/logo_ifen_upskill.png\" alt=\"\" class=\"wp-image-12508\"\/><\/a><\/figure>\n<\/div>\n\n\n\n<div class=\"wp-block-group menu-schulbauprozess-nav is-layout-flow wp-block-group-is-layout-flow\">\n<figure class=\"wp-block-image size-full menu-schulbauprozess-nav-logo\"><a href=\"\/ifen\/schulbauprozess\/\"><img decoding=\"async\" src=\"\/ifen\/wp-content\/uploads\/2026\/04\/logo_schulbauprozess.png\" alt=\"\" class=\"wp-image-13740\"\/><\/a><\/figure>\n<\/div>\n<\/div>\n<\/div>\n\n\n\n<div class=\"wp-block-group header-schulbauprozess-menu has-global-padding is-layout-constrained wp-block-group-is-layout-constrained\">\n<figure class=\"wp-block-image size-large\"><img decoding=\"async\" src=\"\/ifen\/wp-content\/uploads\/2026\/04\/logo_schulbauprozess-1024x143-1.png\" alt=\"\" class=\"wp-image-13740\"\/><\/figure>\n\n\n\n<ul class=\"wp-block-list alignwide menu-custom\">\n                <li class=\"header-schulbauprozess-menu-item\">\n                    <a href=\"\/ifen\/schulbauprozess\/\">STARTSEITE<\/a>\n                <\/li>\n                <li class=\"menu-schulbauprozess-nav-item\">\n                    <a href=\"\/ifen\/schulbauprozess\/#planungsprozess\">Planungsprozess<\/a>\n                <\/li>\n                <li class=\"menu-schulbauprozess-nav-item\">\n                    <a href=\"\/ifen\/schulbauprozess\/ressourcen\/\">Ressourcen<\/a>\n                <\/li>\n                <li class=\"has-submenu menu-schulbauprozess-nav-item\">\n                    <a href=\"#\" id=\"phases-toggle\" aria-expanded=\"false\">Phases<\/a>\n                    <ul class=\"submenu\">\n                        <li><a href=\"\/ifen\/schulbauprozess\/phase-minus-1-commitment\/\">Phase -1<\/a><\/li>\n                        <li><a href=\"\/ifen\/schulbauprozess\/phase-0-formulierung-der-planungsaufgabe\/\">Phase 0<\/a><\/li>\n                        <li><a href=\"\/ifen\/schulbauprozess\/phase-1-2-vorplannung\/\">Phase 1-2<\/a><\/li>\n                        <li><a href=\"\/ifen\/schulbauprozess\/phase-3-6-konzeptentwurf-und-detailplanung\/\">Phase 3-6<\/a><\/li>\n                        <li><a href=\"\/ifen\/schulbauprozess\/phase-7-9-bauphase\/\">Phase 7-9<\/a><\/li>\n                        <li><a href=\"\/ifen\/schulbauprozess\/phase-10-padagogische-und-raumliche-inbetrieb-nahme-und-betrieb\/\">Phase 10<\/a><\/li>\n                    <\/ul>\n                <\/li>\n            <\/ul>\n            <button class=\"collapsed mobile-nav-burger\" role=\"bouton\" type=\"button\" aria-label=\"Toggle navigation\">\n                <span><\/span><span><\/span><span><\/span>\n            <\/button>\n<\/div>\n\n\n\n<div class=\"wp-block-group alignfull sticky-phase has-background is-layout-flow wp-block-group-is-layout-flow\" style=\"background-color:#fef5ee\">\n<div class=\"wp-block-group alignwide is-layout-flow wp-block-group-is-layout-flow\">\n<ul class=\"wp-block-list menu-phase\">\n<li><a href=\"\/ifen\/schulbauprozess\/phase-minus-1-commitment\/\" data-type=\"page\" data-id=\"13911\">Phase -1<\/a><\/li>\n\n\n\n<li><a href=\"\/ifen\/schulbauprozess\/phase-0-formulierung-der-planungsaufgabe\/\" data-type=\"page\" data-id=\"14015\">Phase 0<\/a><\/li>\n\n\n\n<li><a href=\"\/ifen\/schulbauprozess\/phase-1-2-vorplannung\/\" data-type=\"page\" data-id=\"14016\">Phase 1-2<\/a><\/li>\n\n\n\n<li><a href=\"\/ifen\/schulbauprozess\/phase-3-6-konzeptentwurf-und-detailplanung\/\" data-type=\"page\" data-id=\"14039\">Phase 3-6<\/a><\/li>\n\n\n\n<li><a href=\"\/ifen\/schulbauprozess\/phase-7-9-bauphase\/\" data-type=\"page\" data-id=\"14041\">Phase 7-9<\/a><\/li>\n\n\n\n<li><a href=\"\/ifen\/schulbauprozess\/phase-10-padagogische-und-raumliche-inbetrieb-nahme-und-betrieb\/\" data-type=\"page\" data-id=\"14043\">Phase 10<\/a><\/li>\n<\/ul>\n<\/div>\n<\/div>\n\n\n\n<div aria-hidden=\"true\" class=\"wp-block-fsb-flexible-spacer fsb-flexible-spacer\"><div class=\"fsb-flexible-spacer__device fsb-flexible-spacer__device--lg\" style=\"height:75px\"><\/div><div class=\"fsb-flexible-spacer__device fsb-flexible-spacer__device--md\" style=\"height:75px\"><\/div><div class=\"fsb-flexible-spacer__device fsb-flexible-spacer__device--sm\" style=\"height:75px\"><\/div><\/div>\n\n\n\n<style>h4 {margin-bottom: 12px !important; } <\/style>\n\n\n\n<div class=\"wp-block-group alignwide planungsprozess-schulbauprozess-phase planungsprozess-schulbauprozess-phase-id is-layout-flow wp-block-group-is-layout-flow\" data-aos=\"fade-up\" data-aos-once=\"true\">\n<div class=\"wp-block-columns is-layout-flex wp-container-core-columns-is-layout-28f84493 wp-block-columns-is-layout-flex\">\n<div class=\"wp-block-column is-layout-flow wp-block-column-is-layout-flow\" style=\"flex-basis:16.7%\">\n<div class=\"wp-block-group has-background is-layout-flow wp-block-group-is-layout-flow\" style=\"border-radius:15px;background-color:#136567;padding-top:0;padding-right:0;padding-bottom:0;padding-left:0\">\n<figure class=\"wp-block-image aligncenter size-full is-resized\"><img decoding=\"async\" src=\"\/ifen\/wp-content\/uploads\/2026\/04\/picto_phase_2.png\" alt=\"\" class=\"wp-image-13861\" style=\"width:120px\"\/><\/figure>\n<\/div>\n<\/div>\n\n\n\n<div class=\"wp-block-column is-layout-flow wp-block-column-is-layout-flow\" style=\"flex-basis:83.3%\">\n<h1 class=\"wp-block-heading\"><strong class=\"dark-green\">Phase 10<\/strong> P\u00e4dagogische und r\u00e4umliche \u201cInbetriebnahme\u201d und Betrieb<\/h1>\n\n\n\n<h4 class=\"wp-block-heading\">Einordnung und Ziel der Phase 10<\/h4>\n\n\n\n<p>Mit der Schl\u00fcssel\u00fcbergabe und den vorbereitenden Ma\u00dfnahmen zur Inbetriebnahme beginnt in\u00a0<strong>Phase 10<\/strong>\u00a0der \u00dcbergang in den t\u00e4glichen Bildungsbetrieb. Diese Phase markiert den Schritt von der Planung und baulichen Umsetzung hin zur\u00a0<strong>gelebten Praxis im neuen Bildungsraum<\/strong>.<\/p>\n\n\n\n<p>\u201eDie Phase 10 bezieht sich auf die p\u00e4dagogische und r\u00e4umliche&nbsp;<em>Inbetriebnahme<\/em>, das Erw\u00e4rmen der neuen R\u00e4umlichkeiten im Zusammenhang mit einem abgestimmten p\u00e4dagogisch-didaktischen Konzept. In dieser Phase sollen alle Akteure \u2013 die Lehrkr\u00e4fte, Schulleitungen, p\u00e4dagogische und weitere Mitarbeitende, Sch\u00fclerinnen und Sch\u00fcler \u2013 darin unterst\u00fctzt werden, die M\u00f6glichkeiten der neuen Innen- und Au\u00dfenr\u00e4ume zu entdecken, zu nutzen und zu bespielen.\u201c<br><strong>Montag Stiftung Jugend und Gesellschaft (Hrsg.) (2017):<\/strong>&nbsp;<em>Schulen planen und bauen 2.0. Grundlagen, Prozesse, Projekte.<\/em>&nbsp;Jovis Verlag: Berlin.<\/p>\n<\/div>\n<\/div>\n<\/div>\n\n\n\n<div aria-hidden=\"true\" class=\"wp-block-fsb-flexible-spacer fsb-flexible-spacer\"><div class=\"fsb-flexible-spacer__device fsb-flexible-spacer__device--lg\" style=\"height:100px\"><\/div><div class=\"fsb-flexible-spacer__device fsb-flexible-spacer__device--md\" style=\"height:100px\"><\/div><div class=\"fsb-flexible-spacer__device fsb-flexible-spacer__device--sm\" style=\"height:100px\"><\/div><\/div>\n\n\n\n<div class=\"wp-block-group alignfull planungsprozess-timeline has-background is-layout-flow wp-block-group-is-layout-flow\" id=\"padagogik\" style=\"background:linear-gradient(180deg,rgba(240,122,5,0.16) 0%,rgb(255,255,255) 100%)\">\n<div class=\"wp-block-group alignwide planungsprozess-timeline-item is-layout-flow wp-block-group-is-layout-flow\">\n<div class=\"wp-block-columns is-layout-flex wp-container-core-columns-is-layout-28f84493 wp-block-columns-is-layout-flex\">\n<div class=\"wp-block-column is-layout-flow wp-block-column-is-layout-flow\" style=\"flex-basis:16.7%\">\n<div class=\"wp-block-group planungsprozess-timeline-item-step has-octonary-background-color has-background is-layout-flow wp-block-group-is-layout-flow\" style=\"border-radius:15px;padding-top:0;padding-right:0;padding-bottom:0;padding-left:0\" data-aos=\"fade-up\" data-aos-delay=\"500\" data-aos-once=\"true\">\n<p>P\u00e4dagogik<\/p>\n<\/div>\n\n\n\n<div class=\"wp-block-group planungsprozess-timeline-item-info has-octonary-background-color has-background editorskit-no-mobile is-layout-flow wp-block-group-is-layout-flow\" style=\"border-radius:15px;padding-top:0;padding-right:0;padding-bottom:0;padding-left:0\">\n<figure class=\"wp-block-image size-full\"><img decoding=\"async\" src=\"\/ifen\/wp-content\/uploads\/2026\/04\/picto_info.png\" alt=\"\" class=\"wp-image-13961\"\/><\/figure>\n\n\n\n<p class=\"planungsprozess-timeline-item-info-popup\">Nequidi doluptam escidit aquam, comnime venim ad molumqui autem repe odicat voluptatquos porepercid quo eoste estiantem et plictiis eicit, ipsa quunte nihit late debitatquid qui re verferio eaquame omnihil eium faciusam et facia et esequi quat eos endento doluptat.<\/p>\n<\/div>\n<\/div>\n\n\n\n<div class=\"wp-block-column is-layout-flow wp-block-column-is-layout-flow\" style=\"flex-basis:83.3%\" data-aos=\"fade-up\" data-aos-once=\"true\">\n<div aria-hidden=\"true\" class=\"wp-block-fsb-flexible-spacer fsb-flexible-spacer\"><div class=\"fsb-flexible-spacer__device fsb-flexible-spacer__device--lg\" style=\"height:50px\"><\/div><div class=\"fsb-flexible-spacer__device fsb-flexible-spacer__device--md\" style=\"height:50px\"><\/div><div class=\"fsb-flexible-spacer__device fsb-flexible-spacer__device--sm\" style=\"height:50px\"><\/div><\/div>\n\n\n\n<h2 class=\"wp-block-heading\">Aus Planung wird Praxis<\/h2>\n\n\n\n<p>Mit der Inbetriebnahme beginnt die Phase der Aneignung durch die Nutzerinnen und Nutzer. Schritt f\u00fcr Schritt wird sp\u00fcrbar, wie sehr sich die intensive p\u00e4dagogische und konzeptionelle Arbeit der vorangegangenen Phasen im Schulalltag widerspiegelt.<\/p>\n\n\n\n<p>Die gemeinsamen Denk- und Entwicklungsprozesse aus Workshops, Austauschtreffen, Diskussionen und weiteren Beteiligungsformaten entfalten nun ihre Wirkung. Der R\u00fcckgriff auf die Dokumentation des Planungsprozesses erm\u00f6glicht es zudem, dass auch jene Nutzerinnen und Nutzer, die nicht oder nur teilweise in den Planungsprozess eingebunden waren, die p\u00e4dagogischen Grundideen und die Philosophie des p\u00e4dagogischen Raum- und Nutzungskonzepts nachvollziehen und in ihre Praxis integrieren k\u00f6nnen.<\/p>\n\n\n\n<p>Ein Schulgeb\u00e4ude, das auf durchdachten p\u00e4dagogischen Grundlagen basiert, wird damit selbst zum Ausdruck der gemeinsamen Vision und zum aktiven Mitgestalter des Schulalltags.<\/p>\n\n\n\n<div aria-hidden=\"true\" class=\"wp-block-fsb-flexible-spacer fsb-flexible-spacer\"><div class=\"fsb-flexible-spacer__device fsb-flexible-spacer__device--lg\" style=\"height:30px\"><\/div><div class=\"fsb-flexible-spacer__device fsb-flexible-spacer__device--md\" style=\"height:30px\"><\/div><div class=\"fsb-flexible-spacer__device fsb-flexible-spacer__device--sm\" style=\"height:30px\"><\/div><\/div>\n\n\n\n<h2 class=\"wp-block-heading\">Aneignung des Geb\u00e4udes durch die Nutzerinnen und Nutzer<\/h2>\n\n\n\n<p>Lehrkr\u00e4fte und p\u00e4dagogisches Personal sollten bereits vor dem regul\u00e4ren Schulstart die M\u00f6glichkeit erhalten, sich intensiv mit den neuen R\u00e4umlichkeiten, ihrer Funktionalit\u00e4t und Ausstattung vertraut zu machen. Ziel ist es, das Geb\u00e4ude nicht nur kennenzulernen, sondern es aktiv zu erproben und die r\u00e4umlichen M\u00f6glichkeiten in die eigene p\u00e4dagogische Praxis zu integrieren.<\/p>\n\n\n\n<p>In dieser Phase beginnt die konkrete Umsetzung des p\u00e4dagogischen Konzepts im Arbeitsalltag. Erg\u00e4nzend finden Einweisungen in technische Anlagen, digitale Infrastruktur und Haustechnik statt. Erste \u201eTestl\u00e4ufe\u201c helfen dabei, Abl\u00e4ufe zu erproben, Unsicherheiten abzubauen und Routinen zu entwickeln.<\/p>\n\n\n\n<div aria-hidden=\"true\" class=\"wp-block-fsb-flexible-spacer fsb-flexible-spacer\"><div class=\"fsb-flexible-spacer__device fsb-flexible-spacer__device--lg\" style=\"height:30px\"><\/div><div class=\"fsb-flexible-spacer__device fsb-flexible-spacer__device--md\" style=\"height:30px\"><\/div><div class=\"fsb-flexible-spacer__device fsb-flexible-spacer__device--sm\" style=\"height:30px\"><\/div><\/div>\n\n\n\n<h2 class=\"wp-block-heading\">Systematische Evaluation, Anpassung und Weiterentwicklung<\/h2>\n\n\n\n<p>Die Inbetriebnahme ist nicht als abgeschlossener Zustand zu verstehen, sondern als Beginn eines fortlaufenden Entwicklungsprozesses. Das p\u00e4dagogische Konzept, die organisatorischen Abl\u00e4ufe und die Nutzung des Geb\u00e4udes werden nun erstmals im Alltag erprobt und reflektiert.<\/p>\n\n\n\n<p>Um diese Weiterentwicklung nachhaltig zu verankern, empfiehlt es sich, bereits in Phase 10 einen&nbsp;<strong>systematischen Evaluations- und Verbesserungsprozess<\/strong>&nbsp;einzuf\u00fchren. Das regelm\u00e4\u00dfige Zusammenspiel von \u00dcberpr\u00fcfung, Anpassung, Optimierung und Weiterentwicklung erm\u00f6glicht es, auf ver\u00e4nderte Rahmenbedingungen und neue p\u00e4dagogische Anforderungen flexibel zu reagieren.<\/p>\n\n\n\n<p>Diese Entwicklungsprozesse k\u00f6nnen in der Schulentwicklungsarbeit aufgegriffen und beispielsweise im Schulentwicklungsplan (PDS) verankert werden. So bleibt der neue Bildungsraum auch \u00fcber die Inbetriebnahme hinaus ein lernendes System.<\/p>\n\n\n\n<div aria-hidden=\"true\" class=\"wp-block-fsb-flexible-spacer fsb-flexible-spacer\"><div class=\"fsb-flexible-spacer__device fsb-flexible-spacer__device--lg\" style=\"height:50px\"><\/div><div class=\"fsb-flexible-spacer__device fsb-flexible-spacer__device--md\" style=\"height:50px\"><\/div><div class=\"fsb-flexible-spacer__device fsb-flexible-spacer__device--sm\" style=\"height:50px\"><\/div><\/div>\n<\/div>\n<\/div>\n<\/div>\n<\/div>\n\n\n\n<div class=\"wp-block-group alignfull ressourcen-bottom has-background is-layout-flow wp-block-group-is-layout-flow\" style=\"background-color:#136567\" data-aos=\"fade-up\" data-aos-once=\"true\">\n<div class=\"wp-block-group alignwide is-layout-flow wp-block-group-is-layout-flow\">\n<div class=\"wp-block-columns are-vertically-aligned-center is-layout-flex wp-container-core-columns-is-layout-28f84493 wp-block-columns-is-layout-flex\">\n<div class=\"wp-block-column is-vertically-aligned-center is-layout-flow wp-block-column-is-layout-flow\" style=\"flex-basis:16.7%\"><\/div>\n\n\n\n<div class=\"wp-block-column is-vertically-aligned-center is-layout-flow wp-block-column-is-layout-flow\" style=\"flex-basis:83.3%\">\n<div aria-hidden=\"true\" class=\"wp-block-fsb-flexible-spacer fsb-flexible-spacer\"><div class=\"fsb-flexible-spacer__device fsb-flexible-spacer__device--lg\" style=\"height:50px\"><\/div><div class=\"fsb-flexible-spacer__device fsb-flexible-spacer__device--md\" style=\"height:50px\"><\/div><div class=\"fsb-flexible-spacer__device fsb-flexible-spacer__device--sm\" style=\"height:0px\"><\/div><\/div>\n\n\n\n<h2 class=\"wp-block-heading has-text-color has-link-color wp-elements-dcf9304216c34a16e7343e32fc979bba\" style=\"color:#ffffff\">Abschluss der Phase 10<\/h2>\n\n\n\n<div aria-hidden=\"true\" class=\"wp-block-fsb-flexible-spacer fsb-flexible-spacer\"><div class=\"fsb-flexible-spacer__device fsb-flexible-spacer__device--lg\" style=\"height:0px\"><\/div><div class=\"fsb-flexible-spacer__device fsb-flexible-spacer__device--md\" style=\"height:0px\"><\/div><div class=\"fsb-flexible-spacer__device fsb-flexible-spacer__device--sm\" style=\"height:0px\"><\/div><\/div>\n\n\n\n<p class=\"has-text-color has-link-color wp-elements-1a9952f26aa6391f572c9e0e6ddaa702\" style=\"color:#ffffff\">Mit der p\u00e4dagogischen und r\u00e4umlichen Inbetriebnahme geht der Schulbauprozess in den dauerhaften Betrieb und die kontinuierliche Weiterentwicklung \u00fcber. Das Geb\u00e4ude wird nun t\u00e4glich genutzt, erprobt und weitergedacht \u2013 als Lern-, Lebens- und Arbeitsort f\u00fcr die gesamte Schulgemeinschaft.<\/p>\n\n\n\n<div aria-hidden=\"true\" class=\"wp-block-fsb-flexible-spacer fsb-flexible-spacer\"><div class=\"fsb-flexible-spacer__device fsb-flexible-spacer__device--lg\" style=\"height:50px\"><\/div><div class=\"fsb-flexible-spacer__device fsb-flexible-spacer__device--md\" style=\"height:50px\"><\/div><div class=\"fsb-flexible-spacer__device fsb-flexible-spacer__device--sm\" style=\"height:50px\"><\/div><\/div>\n<\/div>\n<\/div>\n<\/div>\n<\/div>\n\n\n\n<div class=\"wp-block-group alignwide phases-bottom is-layout-flow wp-block-group-is-layout-flow\" data-aos=\"fade-up\" data-aos-once=\"true\">\n<div class=\"wp-block-columns is-layout-flex wp-container-core-columns-is-layout-28f84493 wp-block-columns-is-layout-flex\">\n<div class=\"wp-block-column phases-bottom-col is-layout-flow wp-block-column-is-layout-flow\">\n<div class=\"wp-block-group has-octonary-background-color has-background ek-linked-block is-layout-flow wp-block-group-is-layout-flow\" style=\"border-radius:15px;padding-top:0;padding-right:0;padding-bottom:0;padding-left:0\">\n<figure class=\"wp-block-image aligncenter size-full is-resized\"><img decoding=\"async\" src=\"\/ifen\/wp-content\/uploads\/2026\/04\/picto_phase_1.png\" alt=\"\" class=\"wp-image-13841\" style=\"width:100px\"\/><\/figure>\n<a href=\"\/ifen\/schulbauprozess\/phase-minus-1-commitment\/\" class=\"editorskit-block-link\" rel=\"\"><\/a><\/div>\n\n\n\n<div class=\"wp-block-group is-vertical is-layout-flex wp-container-core-group-is-layout-e1300cac wp-block-group-is-layout-flex\">\n<p class=\"has-text-align-center has-text-color has-link-color wp-elements-93a996bdb6d56f31661c35f3af597473\" style=\"color:#ef7905\"><strong>Phase -1<\/strong><\/p>\n\n\n\n<p class=\"has-text-align-center\"><strong>\u201cCommitment\u201d \u2013 Rollen und Auftragskl\u00e4rung<\/strong><\/p>\n<\/div>\n<\/div>\n\n\n\n<div class=\"wp-block-column phases-bottom-col is-layout-flow wp-block-column-is-layout-flow\">\n<div class=\"wp-block-group has-tertiary-background-color has-background ek-linked-block is-layout-flow wp-block-group-is-layout-flow\" style=\"border-radius:15px;padding-top:0;padding-right:0;padding-bottom:0;padding-left:0\">\n<figure class=\"wp-block-image aligncenter size-full is-resized\"><img decoding=\"async\" src=\"\/ifen\/wp-content\/uploads\/2026\/04\/picto_phase_0.png\" alt=\"\" class=\"wp-image-13860\" style=\"width:100px\"\/><\/figure>\n<a href=\"\/ifen\/schulbauprozess\/phase-0-formulierung-der-planungsaufgabe\/\" class=\"editorskit-block-link\" rel=\"\"><\/a><\/div>\n\n\n\n<div class=\"wp-block-group is-vertical is-nowrap is-layout-flex wp-container-core-group-is-layout-3655d5c7 wp-block-group-is-layout-flex\">\n<p class=\"has-text-align-center has-text-color has-link-color wp-elements-852ec311a38998355820d0a6da47b0d6\" style=\"color:#f59e24\"><strong>Phase 0<\/strong><\/p>\n\n\n\n<p class=\"has-text-align-center\"><strong>Entwicklung des p\u00e4dagogischen Raum- und Nutzungskonzepts<\/strong><\/p>\n<\/div>\n<\/div>\n\n\n\n<div class=\"wp-block-column phases-bottom-col is-layout-flow wp-block-column-is-layout-flow\">\n<div class=\"wp-block-group has-background ek-linked-block is-layout-flow wp-block-group-is-layout-flow\" style=\"border-radius:15px;background-color:#a53016;padding-top:0;padding-right:0;padding-bottom:0;padding-left:0\">\n<figure class=\"wp-block-image aligncenter size-full is-resized\"><img decoding=\"async\" src=\"\/ifen\/wp-content\/uploads\/2026\/04\/picto_phase_2.png\" alt=\"\" class=\"wp-image-13861\" style=\"width:100px\"\/><\/figure>\n<a href=\"\/ifen\/schulbauprozess\/phase-1-2-vorplannung\/\" class=\"editorskit-block-link\" rel=\"\"><\/a><\/div>\n\n\n\n<div class=\"wp-block-group is-vertical is-nowrap is-layout-flex wp-container-core-group-is-layout-3655d5c7 wp-block-group-is-layout-flex\">\n<p class=\"has-text-align-center has-text-color has-link-color wp-elements-902f565a16840aabf879346637a6de3a\" style=\"color:#a53016\"><strong>Phase 1-2<\/strong><\/p>\n\n\n\n<p class=\"has-text-align-center\"><strong>Vorplannung<\/strong><\/p>\n<\/div>\n<\/div>\n\n\n\n<div class=\"wp-block-column phases-bottom-col is-layout-flow wp-block-column-is-layout-flow\">\n<div class=\"wp-block-group has-secondary-background-color has-background ek-linked-block is-layout-flow wp-block-group-is-layout-flow\" style=\"border-radius:15px;padding-top:0;padding-right:0;padding-bottom:0;padding-left:0\">\n<figure class=\"wp-block-image aligncenter size-full is-resized\"><img decoding=\"async\" src=\"\/ifen\/wp-content\/uploads\/2026\/04\/picto_phase_3.png\" alt=\"\" class=\"wp-image-13862\" style=\"width:100px\"\/><\/figure>\n<a href=\"\/ifen\/schulbauprozess\/phase-3-6-konzeptentwurf-und-detailplanung\/\" class=\"editorskit-block-link\" rel=\"\"><\/a><\/div>\n\n\n\n<div class=\"wp-block-group is-vertical is-nowrap is-layout-flex wp-container-core-group-is-layout-3655d5c7 wp-block-group-is-layout-flex\">\n<p class=\"has-text-align-center has-text-color has-link-color wp-elements-4dc6ae41ef9656480581038ec99dfe74\" style=\"color:#44a9ac\"><strong>Phase 3-6<\/strong><\/p>\n\n\n\n<p class=\"has-text-align-center\"><strong>Konzeptentwurf<br>und Detailplanung<\/strong><\/p>\n<\/div>\n<\/div>\n\n\n\n<div class=\"wp-block-column phases-bottom-col is-layout-flow wp-block-column-is-layout-flow\">\n<div class=\"wp-block-group has-background ek-linked-block is-layout-flow wp-block-group-is-layout-flow\" style=\"border-radius:15px;background-color:#9ec68d;padding-top:0;padding-right:0;padding-bottom:0;padding-left:0\">\n<figure class=\"wp-block-image aligncenter size-full is-resized\"><img decoding=\"async\" src=\"\/ifen\/wp-content\/uploads\/2026\/04\/picto_phase_7.png\" alt=\"\" class=\"wp-image-13863\" style=\"width:100px\"\/><\/figure>\n<a href=\"\/ifen\/schulbauprozess\/phase-7-9-bauphase\/\" class=\"editorskit-block-link\" rel=\"\"><\/a><\/div>\n\n\n\n<div class=\"wp-block-group is-vertical is-nowrap is-layout-flex wp-container-core-group-is-layout-3655d5c7 wp-block-group-is-layout-flex\">\n<p class=\"has-text-align-center has-text-color has-link-color wp-elements-0344b84685605f64e5a1405e2dc4a6c7\" style=\"color:#9ec68d\"><strong>Phase 7-9<\/strong><\/p>\n\n\n\n<p class=\"has-text-align-center\"><strong>Bauphase<\/strong><\/p>\n<\/div>\n<\/div>\n\n\n\n<div class=\"wp-block-column phases-bottom-col is-layout-flow wp-block-column-is-layout-flow\">\n<div class=\"wp-block-group has-background ek-linked-block is-layout-flow wp-block-group-is-layout-flow\" style=\"border-radius:15px;background-color:#136567;padding-top:0;padding-right:0;padding-bottom:0;padding-left:0\">\n<figure class=\"wp-block-image aligncenter size-full is-resized\"><img decoding=\"async\" src=\"\/ifen\/wp-content\/uploads\/2026\/04\/picto_phase_10.png\" alt=\"\" class=\"wp-image-13864\" style=\"width:100px\"\/><\/figure>\n<a href=\"\/ifen\/schulbauprozess\/phase-10-padagogische-und-raumliche-inbetrieb-nahme-und-betrieb\/\" class=\"editorskit-block-link\" rel=\"\"><\/a><\/div>\n\n\n\n<div class=\"wp-block-group is-vertical is-nowrap is-layout-flex wp-container-core-group-is-layout-3655d5c7 wp-block-group-is-layout-flex\">\n<p class=\"has-text-align-center has-text-color has-link-color wp-elements-b15811a427da7971663da41463ba2f65\" style=\"color:#136567\"><strong>Phase 10<\/strong><\/p>\n\n\n\n<p class=\"has-text-align-center\"><strong>P\u00e4dagogische und r\u00e4umliche \u201cInbetriebnahme\u201d und Betrieb<\/strong><\/p>\n<\/div>\n<\/div>\n<\/div>\n<\/div>\n","protected":false},"excerpt":{"rendered":"<p>STARTSEITE Planungsprozess Ressourcen Phases Phase -1 Phase 0 Phase 1-2 Phase 3-6 Phase 7-9 Phase 10 Phase 10 P\u00e4dagogische und r\u00e4umliche \u201cInbetriebnahme\u201d und Betrieb Einordnung und Ziel der Phase 10 Mit der Schl\u00fcssel\u00fcbergabe und den vorbereitenden Ma\u00dfnahmen zur Inbetriebnahme beginnt in\u00a0Phase 10\u00a0der \u00dcbergang in den t\u00e4glichen Bildungsbetrieb. Diese Phase markiert den Schritt von der Planung [&hellip;]<\/p>\n","protected":false},"author":1,"featured_media":0,"parent":17329,"menu_order":0,"comment_status":"closed","ping_status":"closed","template":"","meta":{"_eb_attr":"","_editorskit_title_hidden":false,"_editorskit_reading_time":0,"_editorskit_is_block_options_detached":false,"_editorskit_block_options_position":"{}","inline_featured_image":false,"footnotes":""},"class_list":["post-17370","page","type-page","status-publish","hentry"],"acf":{"espace_type":""},"_links":{"self":[{"href":"https:\/\/ssl.education.lu\/ifen\/wp-json\/wp\/v2\/pages\/17370","targetHints":{"allow":["GET"]}}],"collection":[{"href":"https:\/\/ssl.education.lu\/ifen\/wp-json\/wp\/v2\/pages"}],"about":[{"href":"https:\/\/ssl.education.lu\/ifen\/wp-json\/wp\/v2\/types\/page"}],"author":[{"embeddable":true,"href":"https:\/\/ssl.education.lu\/ifen\/wp-json\/wp\/v2\/users\/1"}],"replies":[{"embeddable":true,"href":"https:\/\/ssl.education.lu\/ifen\/wp-json\/wp\/v2\/comments?post=17370"}],"version-history":[{"count":6,"href":"https:\/\/ssl.education.lu\/ifen\/wp-json\/wp\/v2\/pages\/17370\/revisions"}],"predecessor-version":[{"id":17617,"href":"https:\/\/ssl.education.lu\/ifen\/wp-json\/wp\/v2\/pages\/17370\/revisions\/17617"}],"up":[{"embeddable":true,"href":"https:\/\/ssl.education.lu\/ifen\/wp-json\/wp\/v2\/pages\/17329"}],"wp:attachment":[{"href":"https:\/\/ssl.education.lu\/ifen\/wp-json\/wp\/v2\/media?parent=17370"}],"curies":[{"name":"wp","href":"https:\/\/api.w.org\/{rel}","templated":true}]}}