

{"id":13299,"date":"2025-06-30T14:04:32","date_gmt":"2025-06-30T12:04:32","guid":{"rendered":"\/ifen\/?page_id=13299"},"modified":"2025-07-24T14:49:15","modified_gmt":"2025-07-24T12:49:15","slug":"travaux","status":"publish","type":"page","link":"\/ifen\/travaux\/","title":{"rendered":"Travaux"},"content":{"rendered":"\n<div class=\"wp-block-cover alignfull banner-page banner-page-small hide-editor\" style=\"min-height:250px;aspect-ratio:unset;\"><img loading=\"lazy\" decoding=\"async\" width=\"1920\" height=\"281\" class=\"wp-block-cover__image-background wp-image-5019 size-large\" alt=\"\" src=\"https:\/\/ssl.education.lu\/ifen\/wp-content\/uploads\/2024\/02\/banner_gradient.svg\" data-object-fit=\"cover\"\/><span aria-hidden=\"true\" class=\"wp-block-cover__background has-black-background-color has-background-dim-0 has-background-dim\"><\/span><div class=\"wp-block-cover__inner-container is-layout-flow wp-block-cover-is-layout-flow\">\n<div class=\"wp-block-group is-layout-flow wp-block-group-is-layout-flow\" data-aos=\"fade-up\">\n<h1 class=\"wp-block-heading has-text-align-center has-text-color\" style=\"color:#ffffff\">B\u00e2timent VI\u00a0: nouvelle configuration \u00e0 partir du 1<sup>er<\/sup> septembre<\/h1>\n<\/div>\n\n\n\n<svg class=\"curve curve-bottom curve-desktop\" xmlns=\"http:\/\/www.w3.org\/2000\/svg\" width=\"100%\" height=\"77.168\" viewBox=\"0 0 1600 77.168\" preserveAspectRatio=\"none\">\n            <path id=\"Trac\u00e9_454\" data-name=\"Trac\u00e9 454\" d=\"M0,0H1600V29.331S1204.669,77.168,804.669,77.168,0,29.331,0,29.331Z\" transform=\"translate(1600 77.168) rotate(180)\" fill=\"#fff\"\/>\n        <\/svg>\n        <svg class=\"curve curve-bottom curve-mobile\" xmlns=\"http:\/\/www.w3.org\/2000\/svg\" width=\"100%\" height=\"77.168\" viewBox=\"0 0 1600 77.168\">\n            <path id=\"Trac\u00e9_454\" data-name=\"Trac\u00e9 454\" d=\"M0,0H1600V29.331S1204.669,77.168,804.669,77.168,0,29.331,0,29.331Z\" transform=\"translate(1600 77.168) rotate(180)\" fill=\"#fff\"\/>\n        <\/svg>\n<\/div><\/div>\n\n\n\n<div aria-hidden=\"true\" class=\"wp-block-fsb-flexible-spacer fsb-flexible-spacer\"><div class=\"fsb-flexible-spacer__device fsb-flexible-spacer__device--lg\" style=\"height:5px\"><\/div><div class=\"fsb-flexible-spacer__device fsb-flexible-spacer__device--md\" style=\"height:5px\"><\/div><div class=\"fsb-flexible-spacer__device fsb-flexible-spacer__device--sm\" style=\"height:5px\"><\/div><\/div>\n\n\n\n<div class=\"wp-block-columns alignwide are-vertically-aligned-center is-layout-flex wp-container-core-columns-is-layout-28f84493 wp-block-columns-is-layout-flex\" data-aos=\"fade-up\" data-aos-delay=\"350\" data-aos-once=\"true\">\n<div class=\"wp-block-column is-vertically-aligned-center is-layout-flow wp-block-column-is-layout-flow\" style=\"flex-basis:50%\">\n<div aria-hidden=\"true\" class=\"wp-block-fsb-flexible-spacer fsb-flexible-spacer\"><div class=\"fsb-flexible-spacer__device fsb-flexible-spacer__device--lg\" style=\"height:0px\"><\/div><div class=\"fsb-flexible-spacer__device fsb-flexible-spacer__device--md\" style=\"height:0px\"><\/div><div class=\"fsb-flexible-spacer__device fsb-flexible-spacer__device--sm\" style=\"height:0px\"><\/div><\/div>\n\n\n\n<h3 class=\"wp-block-heading\">Ce qui change :<\/h3>\n\n\n\n<div aria-hidden=\"true\" class=\"wp-block-fsb-flexible-spacer fsb-flexible-spacer\"><div class=\"fsb-flexible-spacer__device fsb-flexible-spacer__device--lg\" style=\"height:0px\"><\/div><div class=\"fsb-flexible-spacer__device fsb-flexible-spacer__device--md\" style=\"height:0px\"><\/div><div class=\"fsb-flexible-spacer__device fsb-flexible-spacer__device--sm\" style=\"height:0px\"><\/div><\/div>\n\n\n\n<ul class=\"wp-block-list\">\n<li>L\u2019entr\u00e9e de l\u2019IFEN se fera <strong>c\u00f4t\u00e9 b\u00e2timent XII<\/strong>.<\/li>\n\n\n\n<li>Les espaces IFEN situ\u00e9s au <strong>rez-de-chauss\u00e9e<\/strong> et au <strong>1er \u00e9tage <\/strong>ne seront plus accessibles.<\/li>\n\n\n\n<li>Les activit\u00e9s de l\u2019IFEN seront concentr\u00e9es aux <strong>2e, 3e et 4e \u00e9tages<\/strong>.<\/li>\n\n\n\n<li>La <strong>conciergerie<\/strong> sera au <strong>2e \u00e9tage (salle 007)<\/strong>.<\/li>\n\n\n\n<li>La <strong>salle des formateurs<\/strong> reste accessible au <strong>2e \u00e9tage (salle 201)<\/strong><\/li>\n\n\n\n<li>Une <strong>cuisine<\/strong> sera mise \u00e0 disposition au <strong>3e \u00e9tage (salle 302)<\/strong> pour les collaborateurs, les formateurs et les participants.<\/li>\n\n\n\n<li>Les <strong>micro-ondes<\/strong> situ\u00e9s au <strong>sous-sol du b\u00e2timent<\/strong> resteront disponibles.<\/li>\n<\/ul>\n\n\n\n<div aria-hidden=\"true\" class=\"wp-block-fsb-flexible-spacer fsb-flexible-spacer\"><div class=\"fsb-flexible-spacer__device fsb-flexible-spacer__device--lg\" style=\"height:0px\"><\/div><div class=\"fsb-flexible-spacer__device fsb-flexible-spacer__device--md\" style=\"height:0px\"><\/div><div class=\"fsb-flexible-spacer__device fsb-flexible-spacer__device--sm\" style=\"height:0px\"><\/div><\/div>\n\n\n\n<p>Certains \u00e9l\u00e9ments sont encore susceptibles d\u2019\u00e9voluer \u00e0 court terme.<\/p>\n\n\n\n<p>Nous vous remercions de votre compr\u00e9hension pour les \u00e9ventuels d\u00e9sagr\u00e9ments li\u00e9s \u00e0 cette situation.<\/p>\n<\/div>\n\n\n\n<div class=\"wp-block-column is-vertically-aligned-center editorskit-no-tablet editorskit-no-mobile is-layout-flow wp-block-column-is-layout-flow\" style=\"flex-basis:8%\"><\/div>\n\n\n\n<div class=\"wp-block-column is-vertically-aligned-center is-layout-flow wp-block-column-is-layout-flow\" style=\"flex-basis:42%\">\n<figure class=\"wp-block-image size-full has-custom-border\"><img loading=\"lazy\" decoding=\"async\" width=\"1600\" height=\"1067\" src=\"https:\/\/ssl.education.lu\/ifen\/wp-content\/uploads\/2025\/06\/slide_travaux_walfer_rentree_2025.jpg\" alt=\"\" class=\"wp-image-13303\" style=\"border-style:none;border-width:0px;border-radius:15px;object-fit:cover\" srcset=\"https:\/\/ssl.education.lu\/ifen\/wp-content\/uploads\/2025\/06\/slide_travaux_walfer_rentree_2025.jpg 1600w, https:\/\/ssl.education.lu\/ifen\/wp-content\/uploads\/2025\/06\/slide_travaux_walfer_rentree_2025-600x400.jpg 600w, https:\/\/ssl.education.lu\/ifen\/wp-content\/uploads\/2025\/06\/slide_travaux_walfer_rentree_2025-1024x683.jpg 1024w, https:\/\/ssl.education.lu\/ifen\/wp-content\/uploads\/2025\/06\/slide_travaux_walfer_rentree_2025-768x512.jpg 768w, https:\/\/ssl.education.lu\/ifen\/wp-content\/uploads\/2025\/06\/slide_travaux_walfer_rentree_2025-1536x1024.jpg 1536w\" sizes=\"auto, (max-width: 1600px) 100vw, 1600px\" \/><\/figure>\n<\/div>\n<\/div>\n\n\n\n<div aria-hidden=\"true\" class=\"wp-block-fsb-flexible-spacer fsb-flexible-spacer\"><div class=\"fsb-flexible-spacer__device fsb-flexible-spacer__device--lg\" style=\"height:75px\"><\/div><div class=\"fsb-flexible-spacer__device fsb-flexible-spacer__device--md\" style=\"height:75px\"><\/div><div class=\"fsb-flexible-spacer__device fsb-flexible-spacer__device--sm\" style=\"height:75px\"><\/div><\/div>\n","protected":false},"excerpt":{"rendered":"<p>Ce qui change : Certains \u00e9l\u00e9ments sont encore susceptibles d\u2019\u00e9voluer \u00e0 court terme. Nous vous remercions de votre compr\u00e9hension pour les \u00e9ventuels d\u00e9sagr\u00e9ments li\u00e9s \u00e0 cette situation.<\/p>\n","protected":false},"author":1,"featured_media":0,"parent":0,"menu_order":0,"comment_status":"closed","ping_status":"closed","template":"","meta":{"_eb_attr":"","_editorskit_title_hidden":false,"_editorskit_reading_time":0,"_editorskit_is_block_options_detached":false,"_editorskit_block_options_position":"{}","inline_featured_image":false,"footnotes":""},"class_list":["post-13299","page","type-page","status-publish","hentry"],"acf":{"espace_type":[]},"_links":{"self":[{"href":"https:\/\/ssl.education.lu\/ifen\/wp-json\/wp\/v2\/pages\/13299","targetHints":{"allow":["GET"]}}],"collection":[{"href":"https:\/\/ssl.education.lu\/ifen\/wp-json\/wp\/v2\/pages"}],"about":[{"href":"https:\/\/ssl.education.lu\/ifen\/wp-json\/wp\/v2\/types\/page"}],"author":[{"embeddable":true,"href":"https:\/\/ssl.education.lu\/ifen\/wp-json\/wp\/v2\/users\/1"}],"replies":[{"embeddable":true,"href":"https:\/\/ssl.education.lu\/ifen\/wp-json\/wp\/v2\/comments?post=13299"}],"version-history":[{"count":23,"href":"https:\/\/ssl.education.lu\/ifen\/wp-json\/wp\/v2\/pages\/13299\/revisions"}],"predecessor-version":[{"id":13613,"href":"https:\/\/ssl.education.lu\/ifen\/wp-json\/wp\/v2\/pages\/13299\/revisions\/13613"}],"wp:attachment":[{"href":"https:\/\/ssl.education.lu\/ifen\/wp-json\/wp\/v2\/media?parent=13299"}],"curies":[{"name":"wp","href":"https:\/\/api.w.org\/{rel}","templated":true}]}}