

{"id":13165,"date":"2025-06-05T15:45:28","date_gmt":"2025-06-05T13:45:28","guid":{"rendered":"\/ifen\/?page_id=13165"},"modified":"2026-01-29T15:16:34","modified_gmt":"2026-01-29T14:16:34","slug":"modalites-de-reservations","status":"publish","type":"page","link":"\/ifen\/centre-de-documentation-pedagogique\/modalites-de-reservations\/","title":{"rendered":"Modalit\u00e9s de r\u00e9servations"},"content":{"rendered":"\n<div class=\"wp-block-cover alignfull banner-page banner-page-small hide-editor\" style=\"min-height:250px;aspect-ratio:unset;\"><img loading=\"lazy\" decoding=\"async\" width=\"1920\" height=\"281\" class=\"wp-block-cover__image-background wp-image-5019 size-large\" alt=\"\" src=\"https:\/\/ssl.education.lu\/ifen\/wp-content\/uploads\/2024\/02\/banner_gradient.svg\" data-object-fit=\"cover\"\/><span aria-hidden=\"true\" class=\"wp-block-cover__background has-black-background-color has-background-dim-0 has-background-dim\"><\/span><div class=\"wp-block-cover__inner-container is-layout-flow wp-block-cover-is-layout-flow\">\n<div class=\"wp-block-group is-layout-flow wp-block-group-is-layout-flow\" data-aos=\"fade-up\">\n<h1 class=\"wp-block-heading has-text-align-center has-text-color\" style=\"color:#ffffff\">Modalit\u00e9s de r\u00e9servations<\/h1>\n<\/div>\n\n\n\n<svg class=\"curve curve-bottom curve-desktop\" xmlns=\"http:\/\/www.w3.org\/2000\/svg\" width=\"100%\" height=\"77.168\" viewBox=\"0 0 1600 77.168\" preserveAspectRatio=\"none\">\n            <path id=\"Trac\u00e9_454\" data-name=\"Trac\u00e9 454\" d=\"M0,0H1600V29.331S1204.669,77.168,804.669,77.168,0,29.331,0,29.331Z\" transform=\"translate(1600 77.168) rotate(180)\" fill=\"#fff\"\/>\n        <\/svg>\n        <svg class=\"curve curve-bottom curve-mobile\" xmlns=\"http:\/\/www.w3.org\/2000\/svg\" width=\"100%\" height=\"77.168\" viewBox=\"0 0 1600 77.168\">\n            <path id=\"Trac\u00e9_454\" data-name=\"Trac\u00e9 454\" d=\"M0,0H1600V29.331S1204.669,77.168,804.669,77.168,0,29.331,0,29.331Z\" transform=\"translate(1600 77.168) rotate(180)\" fill=\"#fff\"\/>\n        <\/svg>\n<\/div><\/div>\n\n\n\n<div aria-hidden=\"true\" class=\"wp-block-fsb-flexible-spacer fsb-flexible-spacer\"><div class=\"fsb-flexible-spacer__device fsb-flexible-spacer__device--lg\" style=\"height:5px\"><\/div><div class=\"fsb-flexible-spacer__device fsb-flexible-spacer__device--md\" style=\"height:5px\"><\/div><div class=\"fsb-flexible-spacer__device fsb-flexible-spacer__device--sm\" style=\"height:5px\"><\/div><\/div>\n\n\n \r\n\r\n<section  class=\"wp-block-section     alignwide    \"\r\n    >\r\n\r\n    \r\n        <div class=\"acf-innerblocks-container\">\n\n<h3 class=\"wp-block-heading\">Modalit\u00e9s de r\u00e9servations, retraits et retours\u00a0<\/h3>\n\n\n\n<p>Le CDP se r\u00e9invente pour mieux valoriser les ressources essentielles du moment. L\u2019ensemble du fonds reste disponible, avec un syst\u00e8me de retrait organis\u00e9 \u00e0 plusieurs moments de la journ\u00e9e.\u00a0<\/p>\n\n\n\n<p><strong>R\u00e9servation\u00a0via\u00a0<\/strong><a href=\"https:\/\/www.a-z.lu\/discovery\/search?vid=352LUX_BIBNET_NETWORK:BIBNET_UNION\" target=\"_blank\" rel=\"noreferrer noopener\"><strong>a-z.lu<\/strong>\u00a0<\/a><\/p>\n\n\n\n<ul class=\"wp-block-list\">\n<li>R\u00e9servation\u00a0<strong>avant 7h\u00a0<\/strong>\u00a0>\u00a0retrait le jour m\u00eame \u00e0 partir de\u00a08h si la ressource est disponible\u00a0<\/li>\n\n\n\n<li>R\u00e9servation\u00a0<strong>entre\u00a07h et\u00a010h<\/strong>\u00a0\u00a0>\u00a0retrait le jour m\u00eame \u00e0 partir de 12h\u00a0si la ressource est disponible\u00a0<\/li>\n\n\n\n<li>R\u00e9servation\u00a0<strong>entre 10h et 14h<\/strong>\u00a0\u00a0>\u00a0retrait le jour m\u00eame \u00e0 partir de 15h\u00a0si la ressource est disponible\u00a0<\/li>\n\n\n\n<li>R\u00e9servation\u00a0<strong>apr\u00e8s 14h<\/strong>\u00a0>\u00a0retrait le lendemain \u00e0 partir de\u00a08h si la ressource est disponible\u00a0<\/li>\n<\/ul>\n\n\n\n<p>Les horaires s&rsquo;appliquent au jour de r\u00e9servation (de 00h \u00e0 23h59).\u00a0\u00a0<\/p>\n\n\n\n<p>Retrait : <strong>salle B06-E03-001<\/strong><\/p>\n\n<\/div>    \r\n<\/section>\n\n\n<div aria-hidden=\"true\" class=\"wp-block-fsb-flexible-spacer fsb-flexible-spacer\"><div class=\"fsb-flexible-spacer__device fsb-flexible-spacer__device--lg\" style=\"height:75px\"><\/div><div class=\"fsb-flexible-spacer__device fsb-flexible-spacer__device--md\" style=\"height:75px\"><\/div><div class=\"fsb-flexible-spacer__device fsb-flexible-spacer__device--sm\" style=\"height:75px\"><\/div><\/div>\n","protected":false},"excerpt":{"rendered":"","protected":false},"author":1,"featured_media":0,"parent":5007,"menu_order":0,"comment_status":"closed","ping_status":"closed","template":"","meta":{"_eb_attr":"","_editorskit_title_hidden":false,"_editorskit_reading_time":0,"_editorskit_is_block_options_detached":false,"_editorskit_block_options_position":"{}","inline_featured_image":false,"footnotes":""},"class_list":["post-13165","page","type-page","status-publish","hentry"],"acf":{"espace_type":""},"_links":{"self":[{"href":"https:\/\/ssl.education.lu\/ifen\/wp-json\/wp\/v2\/pages\/13165","targetHints":{"allow":["GET"]}}],"collection":[{"href":"https:\/\/ssl.education.lu\/ifen\/wp-json\/wp\/v2\/pages"}],"about":[{"href":"https:\/\/ssl.education.lu\/ifen\/wp-json\/wp\/v2\/types\/page"}],"author":[{"embeddable":true,"href":"https:\/\/ssl.education.lu\/ifen\/wp-json\/wp\/v2\/users\/1"}],"replies":[{"embeddable":true,"href":"https:\/\/ssl.education.lu\/ifen\/wp-json\/wp\/v2\/comments?post=13165"}],"version-history":[{"count":17,"href":"https:\/\/ssl.education.lu\/ifen\/wp-json\/wp\/v2\/pages\/13165\/revisions"}],"predecessor-version":[{"id":16027,"href":"https:\/\/ssl.education.lu\/ifen\/wp-json\/wp\/v2\/pages\/13165\/revisions\/16027"}],"up":[{"embeddable":true,"href":"https:\/\/ssl.education.lu\/ifen\/wp-json\/wp\/v2\/pages\/5007"}],"wp:attachment":[{"href":"https:\/\/ssl.education.lu\/ifen\/wp-json\/wp\/v2\/media?parent=13165"}],"curies":[{"name":"wp","href":"https:\/\/api.w.org\/{rel}","templated":true}]}}